{"id":1591,"date":"2025-04-04T09:54:27","date_gmt":"2025-04-04T07:54:27","guid":{"rendered":"https:\/\/espace360.net\/cormeilles-v2\/?page_id=1591"},"modified":"2026-02-05T09:38:56","modified_gmt":"2026-02-05T08:38:56","slug":"groupes","status":"publish","type":"page","link":"https:\/\/espace360.net\/cormeilles\/groupes\/","title":{"rendered":"Groupes"},"content":{"rendered":"\t\t<div data-elementor-type=\"wp-page\" data-elementor-id=\"1591\" class=\"elementor elementor-1591\" data-elementor-post-type=\"page\">\n\t\t\t\t<div class=\"elementor-element elementor-element-abba8f2 e-flex e-con-boxed e-con e-parent\" data-id=\"abba8f2\" data-element_type=\"container\" data-e-type=\"container\" data-settings=\"{&quot;background_background&quot;:&quot;video&quot;,&quot;background_video_start&quot;:&quot;0&quot;,&quot;background_video_link&quot;:&quot;https:\\\/\\\/espace360.net\\\/cormeilles-v2\\\/wp-content\\\/uploads\\\/sites\\\/7\\\/2026\\\/02\\\/loader-espace-360.mp4&quot;}\">\n\t\t\t\t\t<div class=\"e-con-inner\">\n\t\t<div class=\"elementor-background-video-container elementor-hidden-mobile\">\n\t\t\t\t\t\t\t<video class=\"elementor-background-video-hosted\" role=\"presentation\" autoplay muted playsinline loop><\/video>\n\t\t\t\t\t<\/div>\t\t<div class=\"elementor-element elementor-element-497b118 elementor-widget elementor-widget-heading\" data-id=\"497b118\" data-element_type=\"widget\" data-e-type=\"widget\" data-widget_type=\"heading.default\">\n\t\t\t\t<div class=\"elementor-widget-container\">\n\t\t\t\t\t<h1 class=\"elementor-heading-title elementor-size-default\">NOS \u00c9V\u00c9NEMENTS de groupe sur-mesure \u00e0 Cormeilles\n<\/h1>\t\t\t\t<\/div>\n\t\t\t\t<\/div>\n\t\t<div class=\"elementor-element elementor-element-59eddd1 e-con-full e-flex e-con e-child\" data-id=\"59eddd1\" data-element_type=\"container\" data-e-type=\"container\">\n\t\t<div class=\"elementor-element elementor-element-620939e e-con-full e-flex e-con e-child\" data-id=\"620939e\" data-element_type=\"container\" data-e-type=\"container\">\n\t\t<a class=\"elementor-element elementor-element-ef286d3 e-con-full e-flex e-con e-child\" data-id=\"ef286d3\" data-element_type=\"container\" data-e-type=\"container\" href=\"https:\/\/espace360.net\/cormeilles\/groupes\/centres-de-loisirs\/\">\n\t\t\t\t<div class=\"elementor-element elementor-element-c161528 elementor-widget elementor-widget-image\" data-id=\"c161528\" data-element_type=\"widget\" data-e-type=\"widget\" data-widget_type=\"image.default\">\n\t\t\t\t<div class=\"elementor-widget-container\">\n\t\t\t\t\t\t\t\t\t\t\t\t\t\t\t<img fetchpriority=\"high\" decoding=\"async\" width=\"768\" height=\"768\" src=\"https:\/\/espace360.net\/cormeilles\/wp-content\/uploads\/sites\/7\/2025\/06\/centres-de-loisirs.jpg\" class=\"attachment-large size-large wp-image-3299\" alt=\"Centres de loisirs\" srcset=\"https:\/\/espace360.net\/cormeilles\/wp-content\/uploads\/sites\/7\/2025\/06\/centres-de-loisirs.jpg 768w, https:\/\/espace360.net\/cormeilles\/wp-content\/uploads\/sites\/7\/2025\/06\/centres-de-loisirs-300x300.jpg 300w, https:\/\/espace360.net\/cormeilles\/wp-content\/uploads\/sites\/7\/2025\/06\/centres-de-loisirs-150x150.jpg 150w\" sizes=\"(max-width: 768px) 100vw, 768px\" \/>\t\t\t\t\t\t\t\t\t\t\t\t\t\t\t<\/div>\n\t\t\t\t<\/div>\n\t\t\t\t<div class=\"elementor-element elementor-element-67face5 elementor-absolute elementor-widget elementor-widget-heading\" data-id=\"67face5\" data-element_type=\"widget\" data-e-type=\"widget\" data-settings=\"{&quot;_position&quot;:&quot;absolute&quot;}\" data-widget_type=\"heading.default\">\n\t\t\t\t<div class=\"elementor-widget-container\">\n\t\t\t\t\t<h2 class=\"elementor-heading-title elementor-size-default\">Centres de loisirs\n<\/h2>\t\t\t\t<\/div>\n\t\t\t\t<\/div>\n\t\t\t\t<div class=\"elementor-element elementor-element-88382d4 elementor-absolute elementor-view-default elementor-widget elementor-widget-icon\" data-id=\"88382d4\" data-element_type=\"widget\" data-e-type=\"widget\" data-settings=\"{&quot;_position&quot;:&quot;absolute&quot;}\" data-widget_type=\"icon.default\">\n\t\t\t\t<div class=\"elementor-widget-container\">\n\t\t\t\t\t\t\t<div class=\"elementor-icon-wrapper\">\n\t\t\t<div class=\"elementor-icon elementor-animation-shrink\">\n\t\t\t<svg aria-hidden=\"true\" class=\"e-font-icon-svg e-fas-hand-point-up\" viewBox=\"0 0 384 512\" xmlns=\"http:\/\/www.w3.org\/2000\/svg\"><path d=\"M135.652 0c23.625 0 43.826 20.65 43.826 44.8v99.851c17.048-16.34 49.766-18.346 70.944 6.299 22.829-14.288 53.017-2.147 62.315 16.45C361.878 158.426 384 189.346 384 240c0 2.746-.203 13.276-.195 16 .168 61.971-31.065 76.894-38.315 123.731C343.683 391.404 333.599 400 321.786 400H150.261l-.001-.002c-18.366-.011-35.889-10.607-43.845-28.464C93.421 342.648 57.377 276.122 29.092 264 10.897 256.203.008 242.616 0 224c-.014-34.222 35.098-57.752 66.908-44.119 8.359 3.583 16.67 8.312 24.918 14.153V44.8c0-23.45 20.543-44.8 43.826-44.8zM136 416h192c13.255 0 24 10.745 24 24v48c0 13.255-10.745 24-24 24H136c-13.255 0-24-10.745-24-24v-48c0-13.255 10.745-24 24-24zm168 28c-11.046 0-20 8.954-20 20s8.954 20 20 20 20-8.954 20-20-8.954-20-20-20z\"><\/path><\/svg>\t\t\t<\/div>\n\t\t<\/div>\n\t\t\t\t\t\t<\/div>\n\t\t\t\t<\/div>\n\t\t\t\t<div class=\"elementor-element elementor-element-f3273e1 elementor-widget elementor-widget-heading\" data-id=\"f3273e1\" data-element_type=\"widget\" data-e-type=\"widget\" data-widget_type=\"heading.default\">\n\t\t\t\t<div class=\"elementor-widget-container\">\n\t\t\t\t\t<p class=\"elementor-heading-title elementor-size-default\">Vous souhaitez organiser une sortie pendant les vacances scolaires ou \u00e0 une autre date ?\n<br><br>\nNotre large choix d\u2019activit\u00e9s nous permet de r\u00e9pondre parfaitement aux besoins des centres de loisirs, d\u00e8s 3 ans.<\/p>\t\t\t\t<\/div>\n\t\t\t\t<\/div>\n\t\t\t\t<\/a>\n\t\t\t\t<\/div>\n\t\t<div class=\"elementor-element elementor-element-920ffb5 e-con-full e-flex e-con e-child\" data-id=\"920ffb5\" data-element_type=\"container\" data-e-type=\"container\">\n\t\t<a class=\"elementor-element elementor-element-03ff2e9 e-con-full e-flex e-con e-child\" data-id=\"03ff2e9\" data-element_type=\"container\" data-e-type=\"container\" href=\"https:\/\/espace360.net\/cormeilles\/groupes\/associations\/\">\n\t\t\t\t<div class=\"elementor-element elementor-element-6762e81 elementor-widget elementor-widget-image\" data-id=\"6762e81\" data-element_type=\"widget\" data-e-type=\"widget\" data-widget_type=\"image.default\">\n\t\t\t\t<div class=\"elementor-widget-container\">\n\t\t\t\t\t\t\t\t\t\t\t\t\t\t\t<img decoding=\"async\" width=\"768\" height=\"768\" src=\"https:\/\/espace360.net\/cormeilles\/wp-content\/uploads\/sites\/7\/2025\/06\/associations-club-sportifs.jpg\" class=\"attachment-large size-large wp-image-3298\" alt=\"Associations &amp; clubs sportifs\" srcset=\"https:\/\/espace360.net\/cormeilles\/wp-content\/uploads\/sites\/7\/2025\/06\/associations-club-sportifs.jpg 768w, https:\/\/espace360.net\/cormeilles\/wp-content\/uploads\/sites\/7\/2025\/06\/associations-club-sportifs-300x300.jpg 300w, https:\/\/espace360.net\/cormeilles\/wp-content\/uploads\/sites\/7\/2025\/06\/associations-club-sportifs-150x150.jpg 150w\" sizes=\"(max-width: 768px) 100vw, 768px\" \/>\t\t\t\t\t\t\t\t\t\t\t\t\t\t\t<\/div>\n\t\t\t\t<\/div>\n\t\t\t\t<div class=\"elementor-element elementor-element-5a552fb elementor-absolute elementor-widget elementor-widget-heading\" data-id=\"5a552fb\" data-element_type=\"widget\" data-e-type=\"widget\" data-settings=\"{&quot;_position&quot;:&quot;absolute&quot;}\" data-widget_type=\"heading.default\">\n\t\t\t\t<div class=\"elementor-widget-container\">\n\t\t\t\t\t<h2 class=\"elementor-heading-title elementor-size-default\">Associations &amp; clubs sportifs\n<\/h2>\t\t\t\t<\/div>\n\t\t\t\t<\/div>\n\t\t\t\t<div class=\"elementor-element elementor-element-83e681c elementor-absolute elementor-view-default elementor-widget elementor-widget-icon\" data-id=\"83e681c\" data-element_type=\"widget\" data-e-type=\"widget\" data-settings=\"{&quot;_position&quot;:&quot;absolute&quot;}\" data-widget_type=\"icon.default\">\n\t\t\t\t<div class=\"elementor-widget-container\">\n\t\t\t\t\t\t\t<div class=\"elementor-icon-wrapper\">\n\t\t\t<div class=\"elementor-icon elementor-animation-shrink\">\n\t\t\t<svg aria-hidden=\"true\" class=\"e-font-icon-svg e-fas-hand-point-up\" viewBox=\"0 0 384 512\" xmlns=\"http:\/\/www.w3.org\/2000\/svg\"><path d=\"M135.652 0c23.625 0 43.826 20.65 43.826 44.8v99.851c17.048-16.34 49.766-18.346 70.944 6.299 22.829-14.288 53.017-2.147 62.315 16.45C361.878 158.426 384 189.346 384 240c0 2.746-.203 13.276-.195 16 .168 61.971-31.065 76.894-38.315 123.731C343.683 391.404 333.599 400 321.786 400H150.261l-.001-.002c-18.366-.011-35.889-10.607-43.845-28.464C93.421 342.648 57.377 276.122 29.092 264 10.897 256.203.008 242.616 0 224c-.014-34.222 35.098-57.752 66.908-44.119 8.359 3.583 16.67 8.312 24.918 14.153V44.8c0-23.45 20.543-44.8 43.826-44.8zM136 416h192c13.255 0 24 10.745 24 24v48c0 13.255-10.745 24-24 24H136c-13.255 0-24-10.745-24-24v-48c0-13.255 10.745-24 24-24zm168 28c-11.046 0-20 8.954-20 20s8.954 20 20 20 20-8.954 20-20-8.954-20-20-20z\"><\/path><\/svg>\t\t\t<\/div>\n\t\t<\/div>\n\t\t\t\t\t\t<\/div>\n\t\t\t\t<\/div>\n\t\t\t\t<div class=\"elementor-element elementor-element-9f2bbef elementor-widget elementor-widget-heading\" data-id=\"9f2bbef\" data-element_type=\"widget\" data-e-type=\"widget\" data-widget_type=\"heading.default\">\n\t\t\t\t<div class=\"elementor-widget-container\">\n\t\t\t\t\t<p class=\"elementor-heading-title elementor-size-default\">Espace 360 est la destination id\u00e9ale pour une sortie de club associatif. Quoi de mieux qu\u2019un lieu enti\u00e8rement d\u00e9di\u00e9 au divertissement\u202f? Nos diff\u00e9rents espaces de loisirs ont \u00e9t\u00e9 pens\u00e9s pour offrir une exp\u00e9rience 100\u202f% r\u00e9cr\u00e9ative et laisser \u00e0 vos participants des souvenirs inoubliables.\n<\/p>\t\t\t\t<\/div>\n\t\t\t\t<\/div>\n\t\t\t\t<\/a>\n\t\t\t\t<\/div>\n\t\t<div class=\"elementor-element elementor-element-1e5aef0 e-con-full e-flex e-con e-child\" data-id=\"1e5aef0\" data-element_type=\"container\" data-e-type=\"container\">\n\t\t<a class=\"elementor-element elementor-element-adeec22 e-con-full e-flex e-con e-child\" data-id=\"adeec22\" data-element_type=\"container\" data-e-type=\"container\" href=\"https:\/\/espace360.net\/cormeilles\/groupes\/ecoles\/\">\n\t\t\t\t<div class=\"elementor-element elementor-element-c1632d5 elementor-widget elementor-widget-image\" data-id=\"c1632d5\" data-element_type=\"widget\" data-e-type=\"widget\" data-widget_type=\"image.default\">\n\t\t\t\t<div class=\"elementor-widget-container\">\n\t\t\t\t\t\t\t\t\t\t\t\t\t\t\t<img decoding=\"async\" width=\"768\" height=\"768\" src=\"https:\/\/espace360.net\/cormeilles\/wp-content\/uploads\/sites\/7\/2025\/06\/groupes-scolaires.jpg\" class=\"attachment-large size-large wp-image-3300\" alt=\"Groupes Scolaires\" srcset=\"https:\/\/espace360.net\/cormeilles\/wp-content\/uploads\/sites\/7\/2025\/06\/groupes-scolaires.jpg 768w, https:\/\/espace360.net\/cormeilles\/wp-content\/uploads\/sites\/7\/2025\/06\/groupes-scolaires-300x300.jpg 300w, https:\/\/espace360.net\/cormeilles\/wp-content\/uploads\/sites\/7\/2025\/06\/groupes-scolaires-150x150.jpg 150w\" sizes=\"(max-width: 768px) 100vw, 768px\" \/>\t\t\t\t\t\t\t\t\t\t\t\t\t\t\t<\/div>\n\t\t\t\t<\/div>\n\t\t\t\t<div class=\"elementor-element elementor-element-964f18d elementor-absolute elementor-widget elementor-widget-heading\" data-id=\"964f18d\" data-element_type=\"widget\" data-e-type=\"widget\" data-settings=\"{&quot;_position&quot;:&quot;absolute&quot;}\" data-widget_type=\"heading.default\">\n\t\t\t\t<div class=\"elementor-widget-container\">\n\t\t\t\t\t<h2 class=\"elementor-heading-title elementor-size-default\">Groupes Scolaires\n<\/h2>\t\t\t\t<\/div>\n\t\t\t\t<\/div>\n\t\t\t\t<div class=\"elementor-element elementor-element-0d6fb2c elementor-absolute elementor-view-default elementor-widget elementor-widget-icon\" data-id=\"0d6fb2c\" data-element_type=\"widget\" data-e-type=\"widget\" data-settings=\"{&quot;_position&quot;:&quot;absolute&quot;}\" data-widget_type=\"icon.default\">\n\t\t\t\t<div class=\"elementor-widget-container\">\n\t\t\t\t\t\t\t<div class=\"elementor-icon-wrapper\">\n\t\t\t<div class=\"elementor-icon elementor-animation-shrink\">\n\t\t\t<svg aria-hidden=\"true\" class=\"e-font-icon-svg e-fas-hand-point-up\" viewBox=\"0 0 384 512\" xmlns=\"http:\/\/www.w3.org\/2000\/svg\"><path d=\"M135.652 0c23.625 0 43.826 20.65 43.826 44.8v99.851c17.048-16.34 49.766-18.346 70.944 6.299 22.829-14.288 53.017-2.147 62.315 16.45C361.878 158.426 384 189.346 384 240c0 2.746-.203 13.276-.195 16 .168 61.971-31.065 76.894-38.315 123.731C343.683 391.404 333.599 400 321.786 400H150.261l-.001-.002c-18.366-.011-35.889-10.607-43.845-28.464C93.421 342.648 57.377 276.122 29.092 264 10.897 256.203.008 242.616 0 224c-.014-34.222 35.098-57.752 66.908-44.119 8.359 3.583 16.67 8.312 24.918 14.153V44.8c0-23.45 20.543-44.8 43.826-44.8zM136 416h192c13.255 0 24 10.745 24 24v48c0 13.255-10.745 24-24 24H136c-13.255 0-24-10.745-24-24v-48c0-13.255 10.745-24 24-24zm168 28c-11.046 0-20 8.954-20 20s8.954 20 20 20 20-8.954 20-20-8.954-20-20-20z\"><\/path><\/svg>\t\t\t<\/div>\n\t\t<\/div>\n\t\t\t\t\t\t<\/div>\n\t\t\t\t<\/div>\n\t\t\t\t<div class=\"elementor-element elementor-element-c01cae1 elementor-widget elementor-widget-heading\" data-id=\"c01cae1\" data-element_type=\"widget\" data-e-type=\"widget\" data-widget_type=\"heading.default\">\n\t\t\t\t<div class=\"elementor-widget-container\">\n\t\t\t\t\t<p class=\"elementor-heading-title elementor-size-default\">Espace 360 vous propose de nombreuses activit\u00e9s fun et ludiques qui respectent le programme p\u00e9dagogique, sur l\u2019ensemble de l\u2019ann\u00e9e scolaire. Trampoline, Bowling, les enfants pourront \u00e9voluer en toute s\u00e9curit\u00e9 et seront accompagn\u00e9s par un professionnel, leur r\u00e9f\u00e9rent et\/ou accompagnateur.\n<\/p>\t\t\t\t<\/div>\n\t\t\t\t<\/div>\n\t\t\t\t<\/a>\n\t\t\t\t<\/div>\n\t\t\t\t<\/div>\n\t\t\t\t\t<\/div>\n\t\t\t\t<\/div>\n\t\t\t\t<\/div>\n\t\t","protected":false},"excerpt":{"rendered":"<p>NOS \u00c9V\u00c9NEMENTS de groupe sur-mesure \u00e0 Cormeilles Centres de loisirs Vous souhaitez organiser une sortie pendant les vacances scolaires ou \u00e0 une autre date ? Notre large choix d\u2019activit\u00e9s nous permet de r\u00e9pondre parfaitement aux besoins des centres de loisirs, d\u00e8s 3 ans. Associations &amp; clubs sportifs Espace 360 est la destination id\u00e9ale pour une [&hellip;]<\/p>\n","protected":false},"author":2,"featured_media":0,"parent":0,"menu_order":0,"comment_status":"closed","ping_status":"closed","template":"","meta":{"_acf_changed":false,"footnotes":""},"class_list":["post-1591","page","type-page","status-publish","hentry"],"yoast_head":"<!-- This site is optimized with the Yoast SEO plugin v27.4 - https:\/\/yoast.com\/product\/yoast-seo-wordpress\/ -->\n<title>Offres de sortie de groupe sur mesure | Espace 360<\/title>\n<meta name=\"description\" content=\"D\u00e9couvrez nos diff\u00e9rentes offres Espace 360 pour organiser vos sorties de groupe pour classes scolaires, clubs associations sportives et clubs de loisirs.\" \/>\n<meta name=\"robots\" content=\"index, follow, max-snippet:-1, max-image-preview:large, max-video-preview:-1\" \/>\n<link rel=\"canonical\" href=\"https:\/\/espace360.net\/cormeilles\/groupes\/\" \/>\n<meta property=\"og:locale\" content=\"fr_FR\" \/>\n<meta property=\"og:type\" content=\"article\" \/>\n<meta property=\"og:title\" content=\"Offres de sortie de groupe sur mesure | Espace 360\" \/>\n<meta property=\"og:description\" content=\"D\u00e9couvrez nos diff\u00e9rentes offres Espace 360 pour organiser vos sorties de groupe pour classes scolaires, clubs associations sportives et clubs de loisirs.\" \/>\n<meta property=\"og:url\" content=\"https:\/\/espace360.net\/cormeilles\/groupes\/\" \/>\n<meta property=\"og:site_name\" content=\"Espace 360 Cormeilles\" \/>\n<meta property=\"article:modified_time\" content=\"2026-02-05T08:38:56+00:00\" \/>\n<meta property=\"og:image\" content=\"https:\/\/espace360.net\/cormeilles-v2\/wp-content\/uploads\/sites\/7\/2025\/06\/centres-de-loisirs.jpg\" \/>\n<meta name=\"twitter:card\" content=\"summary_large_image\" \/>\n<meta name=\"twitter:label1\" content=\"Dur\u00e9e de lecture estim\u00e9e\" \/>\n\t<meta name=\"twitter:data1\" content=\"2 minutes\" \/>\n<script type=\"application\/ld+json\" class=\"yoast-schema-graph\">{\"@context\":\"https:\\\/\\\/schema.org\",\"@graph\":[{\"@type\":\"WebPage\",\"@id\":\"https:\\\/\\\/espace360.net\\\/cormeilles\\\/groupes\\\/\",\"url\":\"https:\\\/\\\/espace360.net\\\/cormeilles\\\/groupes\\\/\",\"name\":\"Offres de sortie de groupe sur mesure | Espace 360\",\"isPartOf\":{\"@id\":\"https:\\\/\\\/espace360.net\\\/cormeilles\\\/#website\"},\"primaryImageOfPage\":{\"@id\":\"https:\\\/\\\/espace360.net\\\/cormeilles\\\/groupes\\\/#primaryimage\"},\"image\":{\"@id\":\"https:\\\/\\\/espace360.net\\\/cormeilles\\\/groupes\\\/#primaryimage\"},\"thumbnailUrl\":\"https:\\\/\\\/espace360.net\\\/cormeilles-v2\\\/wp-content\\\/uploads\\\/sites\\\/7\\\/2025\\\/06\\\/centres-de-loisirs.jpg\",\"datePublished\":\"2025-04-04T07:54:27+00:00\",\"dateModified\":\"2026-02-05T08:38:56+00:00\",\"description\":\"D\u00e9couvrez nos diff\u00e9rentes offres Espace 360 pour organiser vos sorties de groupe pour classes scolaires, clubs associations sportives et clubs de loisirs.\",\"breadcrumb\":{\"@id\":\"https:\\\/\\\/espace360.net\\\/cormeilles\\\/groupes\\\/#breadcrumb\"},\"inLanguage\":\"fr-FR\",\"potentialAction\":[{\"@type\":\"ReadAction\",\"target\":[\"https:\\\/\\\/espace360.net\\\/cormeilles\\\/groupes\\\/\"]}]},{\"@type\":\"ImageObject\",\"inLanguage\":\"fr-FR\",\"@id\":\"https:\\\/\\\/espace360.net\\\/cormeilles\\\/groupes\\\/#primaryimage\",\"url\":\"https:\\\/\\\/espace360.net\\\/cormeilles\\\/wp-content\\\/uploads\\\/sites\\\/7\\\/2025\\\/06\\\/centres-de-loisirs.jpg\",\"contentUrl\":\"https:\\\/\\\/espace360.net\\\/cormeilles\\\/wp-content\\\/uploads\\\/sites\\\/7\\\/2025\\\/06\\\/centres-de-loisirs.jpg\",\"width\":768,\"height\":768,\"caption\":\"Centres de loisirs\"},{\"@type\":\"BreadcrumbList\",\"@id\":\"https:\\\/\\\/espace360.net\\\/cormeilles\\\/groupes\\\/#breadcrumb\",\"itemListElement\":[{\"@type\":\"ListItem\",\"position\":1,\"name\":\"Accueil\",\"item\":\"https:\\\/\\\/espace360.net\\\/cormeilles\\\/\"},{\"@type\":\"ListItem\",\"position\":2,\"name\":\"Groupes\"}]},{\"@type\":\"WebSite\",\"@id\":\"https:\\\/\\\/espace360.net\\\/cormeilles\\\/#website\",\"url\":\"https:\\\/\\\/espace360.net\\\/cormeilles\\\/\",\"name\":\"Espace 360 Cormeilles\",\"description\":\"Parc de Loisirs \u00e0 Cormeilles\",\"publisher\":{\"@id\":\"https:\\\/\\\/espace360.net\\\/cormeilles\\\/#organization\"},\"alternateName\":\"Espace 360\",\"potentialAction\":[{\"@type\":\"SearchAction\",\"target\":{\"@type\":\"EntryPoint\",\"urlTemplate\":\"https:\\\/\\\/espace360.net\\\/cormeilles\\\/?s={search_term_string}\"},\"query-input\":{\"@type\":\"PropertyValueSpecification\",\"valueRequired\":true,\"valueName\":\"search_term_string\"}}],\"inLanguage\":\"fr-FR\"},{\"@type\":\"Organization\",\"@id\":\"https:\\\/\\\/espace360.net\\\/cormeilles\\\/#organization\",\"name\":\"Espace 360\",\"url\":\"https:\\\/\\\/espace360.net\\\/cormeilles\\\/\",\"logo\":{\"@type\":\"ImageObject\",\"inLanguage\":\"fr-FR\",\"@id\":\"https:\\\/\\\/espace360.net\\\/cormeilles\\\/#\\\/schema\\\/logo\\\/image\\\/\",\"url\":\"https:\\\/\\\/espace360.net\\\/cormeilles\\\/wp-content\\\/uploads\\\/sites\\\/7\\\/2026\\\/02\\\/logo-espace-360-favicon.png\",\"contentUrl\":\"https:\\\/\\\/espace360.net\\\/cormeilles\\\/wp-content\\\/uploads\\\/sites\\\/7\\\/2026\\\/02\\\/logo-espace-360-favicon.png\",\"width\":512,\"height\":521,\"caption\":\"Espace 360\"},\"image\":{\"@id\":\"https:\\\/\\\/espace360.net\\\/cormeilles\\\/#\\\/schema\\\/logo\\\/image\\\/\"},\"sameAs\":[\"https:\\\/\\\/www.instagram.com\\\/espace360.cormeilles\",\"https:\\\/\\\/fr.linkedin.com\\\/company\\\/espace-360-cormeilles-en-parisis\",\"https:\\\/\\\/www.tiktok.com\\\/@espace360.cormeilles\"]}]}<\/script>\n<!-- \/ Yoast SEO plugin. -->","yoast_head_json":{"title":"Offres de sortie de groupe sur mesure | Espace 360","description":"D\u00e9couvrez nos diff\u00e9rentes offres Espace 360 pour organiser vos sorties de groupe pour classes scolaires, clubs associations sportives et clubs de loisirs.","robots":{"index":"index","follow":"follow","max-snippet":"max-snippet:-1","max-image-preview":"max-image-preview:large","max-video-preview":"max-video-preview:-1"},"canonical":"https:\/\/espace360.net\/cormeilles\/groupes\/","og_locale":"fr_FR","og_type":"article","og_title":"Offres de sortie de groupe sur mesure | Espace 360","og_description":"D\u00e9couvrez nos diff\u00e9rentes offres Espace 360 pour organiser vos sorties de groupe pour classes scolaires, clubs associations sportives et clubs de loisirs.","og_url":"https:\/\/espace360.net\/cormeilles\/groupes\/","og_site_name":"Espace 360 Cormeilles","article_modified_time":"2026-02-05T08:38:56+00:00","og_image":[{"url":"https:\/\/espace360.net\/cormeilles-v2\/wp-content\/uploads\/sites\/7\/2025\/06\/centres-de-loisirs.jpg","type":"","width":"","height":""}],"twitter_card":"summary_large_image","twitter_misc":{"Dur\u00e9e de lecture estim\u00e9e":"2 minutes"},"schema":{"@context":"https:\/\/schema.org","@graph":[{"@type":"WebPage","@id":"https:\/\/espace360.net\/cormeilles\/groupes\/","url":"https:\/\/espace360.net\/cormeilles\/groupes\/","name":"Offres de sortie de groupe sur mesure | Espace 360","isPartOf":{"@id":"https:\/\/espace360.net\/cormeilles\/#website"},"primaryImageOfPage":{"@id":"https:\/\/espace360.net\/cormeilles\/groupes\/#primaryimage"},"image":{"@id":"https:\/\/espace360.net\/cormeilles\/groupes\/#primaryimage"},"thumbnailUrl":"https:\/\/espace360.net\/cormeilles-v2\/wp-content\/uploads\/sites\/7\/2025\/06\/centres-de-loisirs.jpg","datePublished":"2025-04-04T07:54:27+00:00","dateModified":"2026-02-05T08:38:56+00:00","description":"D\u00e9couvrez nos diff\u00e9rentes offres Espace 360 pour organiser vos sorties de groupe pour classes scolaires, clubs associations sportives et clubs de loisirs.","breadcrumb":{"@id":"https:\/\/espace360.net\/cormeilles\/groupes\/#breadcrumb"},"inLanguage":"fr-FR","potentialAction":[{"@type":"ReadAction","target":["https:\/\/espace360.net\/cormeilles\/groupes\/"]}]},{"@type":"ImageObject","inLanguage":"fr-FR","@id":"https:\/\/espace360.net\/cormeilles\/groupes\/#primaryimage","url":"https:\/\/espace360.net\/cormeilles\/wp-content\/uploads\/sites\/7\/2025\/06\/centres-de-loisirs.jpg","contentUrl":"https:\/\/espace360.net\/cormeilles\/wp-content\/uploads\/sites\/7\/2025\/06\/centres-de-loisirs.jpg","width":768,"height":768,"caption":"Centres de loisirs"},{"@type":"BreadcrumbList","@id":"https:\/\/espace360.net\/cormeilles\/groupes\/#breadcrumb","itemListElement":[{"@type":"ListItem","position":1,"name":"Accueil","item":"https:\/\/espace360.net\/cormeilles\/"},{"@type":"ListItem","position":2,"name":"Groupes"}]},{"@type":"WebSite","@id":"https:\/\/espace360.net\/cormeilles\/#website","url":"https:\/\/espace360.net\/cormeilles\/","name":"Espace 360 Cormeilles","description":"Parc de Loisirs \u00e0 Cormeilles","publisher":{"@id":"https:\/\/espace360.net\/cormeilles\/#organization"},"alternateName":"Espace 360","potentialAction":[{"@type":"SearchAction","target":{"@type":"EntryPoint","urlTemplate":"https:\/\/espace360.net\/cormeilles\/?s={search_term_string}"},"query-input":{"@type":"PropertyValueSpecification","valueRequired":true,"valueName":"search_term_string"}}],"inLanguage":"fr-FR"},{"@type":"Organization","@id":"https:\/\/espace360.net\/cormeilles\/#organization","name":"Espace 360","url":"https:\/\/espace360.net\/cormeilles\/","logo":{"@type":"ImageObject","inLanguage":"fr-FR","@id":"https:\/\/espace360.net\/cormeilles\/#\/schema\/logo\/image\/","url":"https:\/\/espace360.net\/cormeilles\/wp-content\/uploads\/sites\/7\/2026\/02\/logo-espace-360-favicon.png","contentUrl":"https:\/\/espace360.net\/cormeilles\/wp-content\/uploads\/sites\/7\/2026\/02\/logo-espace-360-favicon.png","width":512,"height":521,"caption":"Espace 360"},"image":{"@id":"https:\/\/espace360.net\/cormeilles\/#\/schema\/logo\/image\/"},"sameAs":["https:\/\/www.instagram.com\/espace360.cormeilles","https:\/\/fr.linkedin.com\/company\/espace-360-cormeilles-en-parisis","https:\/\/www.tiktok.com\/@espace360.cormeilles"]}]}},"acf":[],"_links":{"self":[{"href":"https:\/\/espace360.net\/cormeilles\/wp-json\/wp\/v2\/pages\/1591","targetHints":{"allow":["GET"]}}],"collection":[{"href":"https:\/\/espace360.net\/cormeilles\/wp-json\/wp\/v2\/pages"}],"about":[{"href":"https:\/\/espace360.net\/cormeilles\/wp-json\/wp\/v2\/types\/page"}],"author":[{"embeddable":true,"href":"https:\/\/espace360.net\/cormeilles\/wp-json\/wp\/v2\/users\/2"}],"replies":[{"embeddable":true,"href":"https:\/\/espace360.net\/cormeilles\/wp-json\/wp\/v2\/comments?post=1591"}],"version-history":[{"count":0,"href":"https:\/\/espace360.net\/cormeilles\/wp-json\/wp\/v2\/pages\/1591\/revisions"}],"wp:attachment":[{"href":"https:\/\/espace360.net\/cormeilles\/wp-json\/wp\/v2\/media?parent=1591"}],"curies":[{"name":"wp","href":"https:\/\/api.w.org\/{rel}","templated":true}]}}