{"id":1956,"date":"2025-05-02T16:55:10","date_gmt":"2025-05-02T14:55:10","guid":{"rendered":"https:\/\/espace360.net\/cormeilles-v2\/?page_id=1956"},"modified":"2026-03-06T16:27:03","modified_gmt":"2026-03-06T15:27:03","slug":"horaires","status":"publish","type":"page","link":"https:\/\/espace360.net\/cormeilles\/horaires\/","title":{"rendered":"Horaires"},"content":{"rendered":"\t\t<div data-elementor-type=\"wp-page\" data-elementor-id=\"1956\" class=\"elementor elementor-1956\" data-elementor-post-type=\"page\">\n\t\t\t\t<div class=\"elementor-element elementor-element-cd0ed0e e-flex e-con-boxed e-con e-parent\" data-id=\"cd0ed0e\" data-element_type=\"container\" data-e-type=\"container\">\n\t\t\t\t\t<div class=\"e-con-inner\">\n\t\t<div class=\"elementor-element elementor-element-e142da2 e-flex e-con-boxed e-con e-child\" data-id=\"e142da2\" data-element_type=\"container\" data-e-type=\"container\">\n\t\t\t\t\t<div class=\"e-con-inner\">\n\t\t\t\t<div class=\"elementor-element elementor-element-0741bd8 elementor-invisible elementor-widget elementor-widget-heading\" data-id=\"0741bd8\" data-element_type=\"widget\" data-e-type=\"widget\" data-settings=\"{&quot;_animation&quot;:&quot;fadeInUp&quot;}\" data-widget_type=\"heading.default\">\n\t\t\t\t<div class=\"elementor-widget-container\">\n\t\t\t\t\t<h1 class=\"elementor-heading-title elementor-size-default\">Horaires d'Ouverture du parc<\/h1>\t\t\t\t<\/div>\n\t\t\t\t<\/div>\n\t\t<div class=\"elementor-element elementor-element-000b75d e-con-full e-flex e-con e-child\" data-id=\"000b75d\" data-element_type=\"container\" data-e-type=\"container\">\n\t\t\t\t<div class=\"elementor-element elementor-element-efb4edd e-n-tabs-mobile elementor-widget elementor-widget-n-tabs\" data-id=\"efb4edd\" data-element_type=\"widget\" data-e-type=\"widget\" data-settings=\"{&quot;tabs_justify_horizontal&quot;:&quot;stretch&quot;,&quot;horizontal_scroll&quot;:&quot;disable&quot;}\" data-widget_type=\"nested-tabs.default\">\n\t\t\t\t<div class=\"elementor-widget-container\">\n\t\t\t\t\t\t\t<div class=\"e-n-tabs\" data-widget-number=\"251350749\" aria-label=\"Onglets. Ouvrez des \u00e9l\u00e9ments avec Entrer ou Espace, fermez-les avec Echape et naviguez \u00e0 l&#039;aide des touches fl\u00e9ch\u00e9es.\">\n\t\t\t<div class=\"e-n-tabs-heading\" role=\"tablist\">\n\t\t\t\t\t<button id=\"e-n-tab-title-2513507491\" data-tab-title-id=\"e-n-tab-title-2513507491\" class=\"e-n-tab-title\" aria-selected=\"true\" data-tab-index=\"1\" role=\"tab\" tabindex=\"0\" aria-controls=\"e-n-tab-content-2513507491\" style=\"--n-tabs-title-order: 1;\">\n\t\t\t\t\t\t<span class=\"e-n-tab-title-text\">\n\t\t\t\tHors p\u00e9riodes de vacances\t\t\t<\/span>\n\t\t<\/button>\n\t\t\t\t<button id=\"e-n-tab-title-2513507492\" data-tab-title-id=\"e-n-tab-title-2513507492\" class=\"e-n-tab-title\" aria-selected=\"false\" data-tab-index=\"2\" role=\"tab\" tabindex=\"-1\" aria-controls=\"e-n-tab-content-2513507492\" style=\"--n-tabs-title-order: 2;\">\n\t\t\t\t\t\t<span class=\"e-n-tab-title-text\">\n\t\t\t\tP\u00e9riodes de vacances (Zone C)\t\t\t<\/span>\n\t\t<\/button>\n\t\t\t\t\t<\/div>\n\t\t\t<div class=\"e-n-tabs-content\">\n\t\t\t\t<div id=\"e-n-tab-content-2513507491\" role=\"tabpanel\" aria-labelledby=\"e-n-tab-title-2513507491\" data-tab-index=\"1\" style=\"--n-tabs-title-order: 1;\" class=\"e-active elementor-element elementor-element-915e8bd e-con-full e-flex e-con e-child\" data-id=\"915e8bd\" data-element_type=\"container\" data-e-type=\"container\" data-settings=\"{&quot;background_background&quot;:&quot;classic&quot;}\">\n\t\t\t\t<div class=\"elementor-element elementor-element-d74e151 elementor-widget elementor-widget-text-editor\" data-id=\"d74e151\" data-element_type=\"widget\" data-e-type=\"widget\" data-widget_type=\"text-editor.default\">\n\t\t\t\t<div class=\"elementor-widget-container\">\n\t\t\t\t\t\t\t\t\t<p>Lundi : FERM\u00c9<br \/>Mardi : 17h-00h<br \/>Mercredi : 10h-00h<br \/>Jeudi : 17h-00h<br \/>Vendredi : 17h-01h<br \/>Samedi : 10h-01h<br \/>Dimanche : 10h-22h<\/p>\t\t\t\t\t\t\t\t<\/div>\n\t\t\t\t<\/div>\n\t\t\t\t<\/div>\n\t\t<div id=\"e-n-tab-content-2513507492\" role=\"tabpanel\" aria-labelledby=\"e-n-tab-title-2513507492\" data-tab-index=\"2\" style=\"--n-tabs-title-order: 2;\" class=\" elementor-element elementor-element-097222a e-con-full e-flex e-con e-child\" data-id=\"097222a\" data-element_type=\"container\" data-e-type=\"container\" data-settings=\"{&quot;background_background&quot;:&quot;classic&quot;}\">\n\t\t\t\t<div class=\"elementor-element elementor-element-ce4082e elementor-widget elementor-widget-text-editor\" data-id=\"ce4082e\" data-element_type=\"widget\" data-e-type=\"widget\" data-widget_type=\"text-editor.default\">\n\t\t\t\t<div class=\"elementor-widget-container\">\n\t\t\t\t\t\t\t\t\t<p>Lundi : 10h-00h<br \/>Mardi : 10h-00h<br \/>Mercredi : 10h-00h<br \/>Jeudi : 10h-00h<br \/>Vendredi : 10h-01h<br \/>Samedi : 10h-01h<br \/>Dimanche : 22h<\/p>\t\t\t\t\t\t\t\t<\/div>\n\t\t\t\t<\/div>\n\t\t\t\t<\/div>\n\t\t\t\t\t<\/div>\n\t\t<\/div>\n\t\t\t\t\t\t<\/div>\n\t\t\t\t<\/div>\n\t\t\t\t<\/div>\n\t\t\t\t\t<\/div>\n\t\t\t\t<\/div>\n\t\t\t\t\t<\/div>\n\t\t\t\t<\/div>\n\t\t<div class=\"elementor-element elementor-element-05ea4df e-flex e-con-boxed elementor-invisible e-con e-parent\" data-id=\"05ea4df\" data-element_type=\"container\" data-e-type=\"container\" data-settings=\"{&quot;background_background&quot;:&quot;classic&quot;,&quot;shape_divider_top&quot;:&quot;waves&quot;,&quot;shape_divider_bottom&quot;:&quot;waves&quot;,&quot;animation&quot;:&quot;bounce&quot;}\">\n\t\t\t\t\t<div class=\"e-con-inner\">\n\t\t\t\t<div class=\"elementor-shape elementor-shape-top\" aria-hidden=\"true\" data-negative=\"false\">\n\t\t\t<svg xmlns=\"http:\/\/www.w3.org\/2000\/svg\" viewBox=\"0 0 1000 100\" preserveAspectRatio=\"none\">\n\t<path class=\"elementor-shape-fill\" d=\"M421.9,6.5c22.6-2.5,51.5,0.4,75.5,5.3c23.6,4.9,70.9,23.5,100.5,35.7c75.8,32.2,133.7,44.5,192.6,49.7\n\tc23.6,2.1,48.7,3.5,103.4-2.5c54.7-6,106.2-25.6,106.2-25.6V0H0v30.3c0,0,72,32.6,158.4,30.5c39.2-0.7,92.8-6.7,134-22.4\n\tc21.2-8.1,52.2-18.2,79.7-24.2C399.3,7.9,411.6,7.5,421.9,6.5z\"\/>\n<\/svg>\t\t<\/div>\n\t\t\t\t<div class=\"elementor-shape elementor-shape-bottom\" aria-hidden=\"true\" data-negative=\"false\">\n\t\t\t<svg xmlns=\"http:\/\/www.w3.org\/2000\/svg\" viewBox=\"0 0 1000 100\" preserveAspectRatio=\"none\">\n\t<path class=\"elementor-shape-fill\" d=\"M421.9,6.5c22.6-2.5,51.5,0.4,75.5,5.3c23.6,4.9,70.9,23.5,100.5,35.7c75.8,32.2,133.7,44.5,192.6,49.7\n\tc23.6,2.1,48.7,3.5,103.4-2.5c54.7-6,106.2-25.6,106.2-25.6V0H0v30.3c0,0,72,32.6,158.4,30.5c39.2-0.7,92.8-6.7,134-22.4\n\tc21.2-8.1,52.2-18.2,79.7-24.2C399.3,7.9,411.6,7.5,421.9,6.5z\"\/>\n<\/svg>\t\t<\/div>\n\t\t<div class=\"elementor-element elementor-element-2d98f19 e-con-full e-flex e-con e-child\" data-id=\"2d98f19\" data-element_type=\"container\" data-e-type=\"container\">\n\t\t\t\t<div class=\"elementor-element elementor-element-2381cee elementor-widget elementor-widget-heading\" data-id=\"2381cee\" data-element_type=\"widget\" data-e-type=\"widget\" data-widget_type=\"heading.default\">\n\t\t\t\t<div class=\"elementor-widget-container\">\n\t\t\t\t\t<span class=\"elementor-heading-title elementor-size-default\">Vous souhaitez planifier votre prochaine sortie ?<\/span>\t\t\t\t<\/div>\n\t\t\t\t<\/div>\n\t\t\t\t<\/div>\n\t\t<div class=\"elementor-element elementor-element-72c8aac e-con-full e-flex e-con e-child\" data-id=\"72c8aac\" data-element_type=\"container\" data-e-type=\"container\">\n\t\t\t\t<div class=\"elementor-element elementor-element-4075dc3 elementor-align-center elementor-mobile-align-center elementor-widget elementor-widget-button\" data-id=\"4075dc3\" data-element_type=\"widget\" data-e-type=\"widget\" data-widget_type=\"button.default\">\n\t\t\t\t<div class=\"elementor-widget-container\">\n\t\t\t\t\t\t\t\t\t<div class=\"elementor-button-wrapper\">\n\t\t\t\t\t<a class=\"elementor-button elementor-button-link elementor-size-lg elementor-animation-bob\" href=\"https:\/\/cormeilles.espace360.net\/activites\">\n\t\t\t\t\t\t<span class=\"elementor-button-content-wrapper\">\n\t\t\t\t\t\t\t\t\t<span class=\"elementor-button-text\">R\u00e9servez d\u00e8s maintenant<\/span>\n\t\t\t\t\t<\/span>\n\t\t\t\t\t<\/a>\n\t\t\t\t<\/div>\n\t\t\t\t\t\t\t\t<\/div>\n\t\t\t\t<\/div>\n\t\t\t\t<\/div>\n\t\t\t\t\t<\/div>\n\t\t\t\t<\/div>\n\t\t<div class=\"elementor-element elementor-element-5605b32 e-flex e-con-boxed elementor-invisible e-con e-parent\" data-id=\"5605b32\" data-element_type=\"container\" data-e-type=\"container\" data-settings=\"{&quot;background_background&quot;:&quot;classic&quot;,&quot;shape_divider_top&quot;:&quot;waves&quot;,&quot;shape_divider_bottom&quot;:&quot;waves&quot;,&quot;animation&quot;:&quot;bounce&quot;,&quot;shape_divider_top_negative&quot;:&quot;yes&quot;,&quot;shape_divider_bottom_negative&quot;:&quot;yes&quot;}\">\n\t\t\t\t\t<div class=\"e-con-inner\">\n\t\t\t\t<div class=\"elementor-shape elementor-shape-top\" aria-hidden=\"true\" data-negative=\"true\">\n\t\t\t<svg xmlns=\"http:\/\/www.w3.org\/2000\/svg\" viewBox=\"0 0 1000 100\" preserveAspectRatio=\"none\">\n\t<path class=\"elementor-shape-fill\" d=\"M790.5,93.1c-59.3-5.3-116.8-18-192.6-50c-29.6-12.7-76.9-31-100.5-35.9c-23.6-4.9-52.6-7.8-75.5-5.3\n\tc-10.2,1.1-22.6,1.4-50.1,7.4c-27.2,6.3-58.2,16.6-79.4,24.7c-41.3,15.9-94.9,21.9-134,22.6C72,58.2,0,25.8,0,25.8V100h1000V65.3\n\tc0,0-51.5,19.4-106.2,25.7C839.5,97,814.1,95.2,790.5,93.1z\"\/>\n<\/svg>\t\t<\/div>\n\t\t\t\t<div class=\"elementor-shape elementor-shape-bottom\" aria-hidden=\"true\" data-negative=\"true\">\n\t\t\t<svg xmlns=\"http:\/\/www.w3.org\/2000\/svg\" viewBox=\"0 0 1000 100\" preserveAspectRatio=\"none\">\n\t<path class=\"elementor-shape-fill\" d=\"M790.5,93.1c-59.3-5.3-116.8-18-192.6-50c-29.6-12.7-76.9-31-100.5-35.9c-23.6-4.9-52.6-7.8-75.5-5.3\n\tc-10.2,1.1-22.6,1.4-50.1,7.4c-27.2,6.3-58.2,16.6-79.4,24.7c-41.3,15.9-94.9,21.9-134,22.6C72,58.2,0,25.8,0,25.8V100h1000V65.3\n\tc0,0-51.5,19.4-106.2,25.7C839.5,97,814.1,95.2,790.5,93.1z\"\/>\n<\/svg>\t\t<\/div>\n\t\t<div class=\"elementor-element elementor-element-8b4d3cf e-con-full e-flex e-con e-child\" data-id=\"8b4d3cf\" data-element_type=\"container\" data-e-type=\"container\">\n\t\t\t\t<div class=\"elementor-element elementor-element-a9002fc elementor-widget elementor-widget-heading\" data-id=\"a9002fc\" data-element_type=\"widget\" data-e-type=\"widget\" data-widget_type=\"heading.default\">\n\t\t\t\t<div class=\"elementor-widget-container\">\n\t\t\t\t\t<span class=\"elementor-heading-title elementor-size-default\">Vous avez une question ?<\/span>\t\t\t\t<\/div>\n\t\t\t\t<\/div>\n\t\t\t\t<\/div>\n\t\t<div class=\"elementor-element elementor-element-a0a36c6 e-con-full e-flex e-con e-child\" data-id=\"a0a36c6\" data-element_type=\"container\" data-e-type=\"container\">\n\t\t\t\t<div class=\"elementor-element elementor-element-19f453f elementor-align-center elementor-mobile-align-center elementor-widget elementor-widget-button\" data-id=\"19f453f\" data-element_type=\"widget\" data-e-type=\"widget\" data-widget_type=\"button.default\">\n\t\t\t\t<div class=\"elementor-widget-container\">\n\t\t\t\t\t\t\t\t\t<div class=\"elementor-button-wrapper\">\n\t\t\t\t\t<a class=\"elementor-button elementor-button-link elementor-size-lg elementor-animation-bob\" href=\"https:\/\/espace360.net\/cormeilles\/contact\/\">\n\t\t\t\t\t\t<span class=\"elementor-button-content-wrapper\">\n\t\t\t\t\t\t\t\t\t<span class=\"elementor-button-text\">CONTACTEZ-NOUS !<\/span>\n\t\t\t\t\t<\/span>\n\t\t\t\t\t<\/a>\n\t\t\t\t<\/div>\n\t\t\t\t\t\t\t\t<\/div>\n\t\t\t\t<\/div>\n\t\t\t\t<\/div>\n\t\t\t\t\t<\/div>\n\t\t\t\t<\/div>\n\t\t\t\t<\/div>\n\t\t","protected":false},"excerpt":{"rendered":"<p>Horaires d&rsquo;Ouverture du parc Hors p\u00e9riodes de vacances P\u00e9riodes de vacances (Zone C) Lundi : FERM\u00c9Mardi : 17h-00hMercredi : 10h-00hJeudi : 17h-00hVendredi : 17h-01hSamedi : 10h-01hDimanche : 10h-22h Lundi : 10h-00hMardi : 10h-00hMercredi : 10h-00hJeudi : 10h-00hVendredi : 10h-01hSamedi : 10h-01hDimanche : 22h Lundi : FERM\u00c9Mardi : 17h-00hMercredi : 10h-00hJeudi : 17h-00hVendredi : 17h-01hSamedi : [&hellip;]<\/p>\n","protected":false},"author":2,"featured_media":0,"parent":0,"menu_order":0,"comment_status":"closed","ping_status":"closed","template":"","meta":{"_acf_changed":false,"footnotes":""},"class_list":["post-1956","page","type-page","status-publish","hentry"],"yoast_head":"<!-- This site is optimized with the Yoast SEO plugin v27.4 - https:\/\/yoast.com\/product\/yoast-seo-wordpress\/ -->\n<title>Horaires de votre Parc de Loisirs \u00e0 Cormeilles | Espace 360<\/title>\n<meta name=\"description\" content=\"Horaires d&#039;ouvertures et planning de toutes les activit\u00e9s d&#039;Espace 360 \u00e0 Cormeilles.\" \/>\n<meta name=\"robots\" content=\"index, follow, max-snippet:-1, max-image-preview:large, max-video-preview:-1\" \/>\n<link rel=\"canonical\" href=\"https:\/\/espace360.net\/cormeilles\/horaires\/\" \/>\n<meta property=\"og:locale\" content=\"fr_FR\" \/>\n<meta property=\"og:type\" content=\"article\" \/>\n<meta property=\"og:title\" content=\"Horaires de votre Parc de Loisirs \u00e0 Cormeilles | Espace 360\" \/>\n<meta property=\"og:description\" content=\"Horaires d&#039;ouvertures et planning de toutes les activit\u00e9s d&#039;Espace 360 \u00e0 Cormeilles.\" \/>\n<meta property=\"og:url\" content=\"https:\/\/espace360.net\/cormeilles\/horaires\/\" \/>\n<meta property=\"og:site_name\" content=\"Espace 360 Cormeilles\" \/>\n<meta property=\"article:modified_time\" content=\"2026-03-06T15:27:03+00:00\" \/>\n<meta property=\"og:image\" content=\"https:\/\/espace360.net\/cormeilles\/wp-content\/uploads\/sites\/7\/2026\/02\/logo-espace-360-favicon.png\" \/>\n\t<meta property=\"og:image:width\" content=\"512\" \/>\n\t<meta property=\"og:image:height\" content=\"521\" \/>\n\t<meta property=\"og:image:type\" content=\"image\/png\" \/>\n<meta name=\"twitter:card\" content=\"summary_large_image\" \/>\n<meta name=\"twitter:label1\" content=\"Dur\u00e9e de lecture estim\u00e9e\" \/>\n\t<meta name=\"twitter:data1\" content=\"1 minute\" \/>\n<script type=\"application\/ld+json\" class=\"yoast-schema-graph\">{\"@context\":\"https:\\\/\\\/schema.org\",\"@graph\":[{\"@type\":\"WebPage\",\"@id\":\"https:\\\/\\\/espace360.net\\\/cormeilles\\\/horaires\\\/\",\"url\":\"https:\\\/\\\/espace360.net\\\/cormeilles\\\/horaires\\\/\",\"name\":\"Horaires de votre Parc de Loisirs \u00e0 Cormeilles | Espace 360\",\"isPartOf\":{\"@id\":\"https:\\\/\\\/espace360.net\\\/cormeilles\\\/#website\"},\"datePublished\":\"2025-05-02T14:55:10+00:00\",\"dateModified\":\"2026-03-06T15:27:03+00:00\",\"description\":\"Horaires d'ouvertures et planning de toutes les activit\u00e9s d'Espace 360 \u00e0 Cormeilles.\",\"breadcrumb\":{\"@id\":\"https:\\\/\\\/espace360.net\\\/cormeilles\\\/horaires\\\/#breadcrumb\"},\"inLanguage\":\"fr-FR\",\"potentialAction\":[{\"@type\":\"ReadAction\",\"target\":[\"https:\\\/\\\/espace360.net\\\/cormeilles\\\/horaires\\\/\"]}]},{\"@type\":\"BreadcrumbList\",\"@id\":\"https:\\\/\\\/espace360.net\\\/cormeilles\\\/horaires\\\/#breadcrumb\",\"itemListElement\":[{\"@type\":\"ListItem\",\"position\":1,\"name\":\"Accueil\",\"item\":\"https:\\\/\\\/espace360.net\\\/cormeilles\\\/\"},{\"@type\":\"ListItem\",\"position\":2,\"name\":\"Horaires\"}]},{\"@type\":\"WebSite\",\"@id\":\"https:\\\/\\\/espace360.net\\\/cormeilles\\\/#website\",\"url\":\"https:\\\/\\\/espace360.net\\\/cormeilles\\\/\",\"name\":\"Espace 360 Cormeilles\",\"description\":\"Parc de Loisirs \u00e0 Cormeilles\",\"publisher\":{\"@id\":\"https:\\\/\\\/espace360.net\\\/cormeilles\\\/#organization\"},\"alternateName\":\"Espace 360\",\"potentialAction\":[{\"@type\":\"SearchAction\",\"target\":{\"@type\":\"EntryPoint\",\"urlTemplate\":\"https:\\\/\\\/espace360.net\\\/cormeilles\\\/?s={search_term_string}\"},\"query-input\":{\"@type\":\"PropertyValueSpecification\",\"valueRequired\":true,\"valueName\":\"search_term_string\"}}],\"inLanguage\":\"fr-FR\"},{\"@type\":\"Organization\",\"@id\":\"https:\\\/\\\/espace360.net\\\/cormeilles\\\/#organization\",\"name\":\"Espace 360\",\"url\":\"https:\\\/\\\/espace360.net\\\/cormeilles\\\/\",\"logo\":{\"@type\":\"ImageObject\",\"inLanguage\":\"fr-FR\",\"@id\":\"https:\\\/\\\/espace360.net\\\/cormeilles\\\/#\\\/schema\\\/logo\\\/image\\\/\",\"url\":\"https:\\\/\\\/espace360.net\\\/cormeilles\\\/wp-content\\\/uploads\\\/sites\\\/7\\\/2026\\\/02\\\/logo-espace-360-favicon.png\",\"contentUrl\":\"https:\\\/\\\/espace360.net\\\/cormeilles\\\/wp-content\\\/uploads\\\/sites\\\/7\\\/2026\\\/02\\\/logo-espace-360-favicon.png\",\"width\":512,\"height\":521,\"caption\":\"Espace 360\"},\"image\":{\"@id\":\"https:\\\/\\\/espace360.net\\\/cormeilles\\\/#\\\/schema\\\/logo\\\/image\\\/\"},\"sameAs\":[\"https:\\\/\\\/www.instagram.com\\\/espace360.cormeilles\",\"https:\\\/\\\/fr.linkedin.com\\\/company\\\/espace-360-cormeilles-en-parisis\",\"https:\\\/\\\/www.tiktok.com\\\/@espace360.cormeilles\"]}]}<\/script>\n<!-- \/ Yoast SEO plugin. -->","yoast_head_json":{"title":"Horaires de votre Parc de Loisirs \u00e0 Cormeilles | Espace 360","description":"Horaires d'ouvertures et planning de toutes les activit\u00e9s d'Espace 360 \u00e0 Cormeilles.","robots":{"index":"index","follow":"follow","max-snippet":"max-snippet:-1","max-image-preview":"max-image-preview:large","max-video-preview":"max-video-preview:-1"},"canonical":"https:\/\/espace360.net\/cormeilles\/horaires\/","og_locale":"fr_FR","og_type":"article","og_title":"Horaires de votre Parc de Loisirs \u00e0 Cormeilles | Espace 360","og_description":"Horaires d'ouvertures et planning de toutes les activit\u00e9s d'Espace 360 \u00e0 Cormeilles.","og_url":"https:\/\/espace360.net\/cormeilles\/horaires\/","og_site_name":"Espace 360 Cormeilles","article_modified_time":"2026-03-06T15:27:03+00:00","og_image":[{"width":512,"height":521,"url":"https:\/\/espace360.net\/cormeilles\/wp-content\/uploads\/sites\/7\/2026\/02\/logo-espace-360-favicon.png","type":"image\/png"}],"twitter_card":"summary_large_image","twitter_misc":{"Dur\u00e9e de lecture estim\u00e9e":"1 minute"},"schema":{"@context":"https:\/\/schema.org","@graph":[{"@type":"WebPage","@id":"https:\/\/espace360.net\/cormeilles\/horaires\/","url":"https:\/\/espace360.net\/cormeilles\/horaires\/","name":"Horaires de votre Parc de Loisirs \u00e0 Cormeilles | Espace 360","isPartOf":{"@id":"https:\/\/espace360.net\/cormeilles\/#website"},"datePublished":"2025-05-02T14:55:10+00:00","dateModified":"2026-03-06T15:27:03+00:00","description":"Horaires d'ouvertures et planning de toutes les activit\u00e9s d'Espace 360 \u00e0 Cormeilles.","breadcrumb":{"@id":"https:\/\/espace360.net\/cormeilles\/horaires\/#breadcrumb"},"inLanguage":"fr-FR","potentialAction":[{"@type":"ReadAction","target":["https:\/\/espace360.net\/cormeilles\/horaires\/"]}]},{"@type":"BreadcrumbList","@id":"https:\/\/espace360.net\/cormeilles\/horaires\/#breadcrumb","itemListElement":[{"@type":"ListItem","position":1,"name":"Accueil","item":"https:\/\/espace360.net\/cormeilles\/"},{"@type":"ListItem","position":2,"name":"Horaires"}]},{"@type":"WebSite","@id":"https:\/\/espace360.net\/cormeilles\/#website","url":"https:\/\/espace360.net\/cormeilles\/","name":"Espace 360 Cormeilles","description":"Parc de Loisirs \u00e0 Cormeilles","publisher":{"@id":"https:\/\/espace360.net\/cormeilles\/#organization"},"alternateName":"Espace 360","potentialAction":[{"@type":"SearchAction","target":{"@type":"EntryPoint","urlTemplate":"https:\/\/espace360.net\/cormeilles\/?s={search_term_string}"},"query-input":{"@type":"PropertyValueSpecification","valueRequired":true,"valueName":"search_term_string"}}],"inLanguage":"fr-FR"},{"@type":"Organization","@id":"https:\/\/espace360.net\/cormeilles\/#organization","name":"Espace 360","url":"https:\/\/espace360.net\/cormeilles\/","logo":{"@type":"ImageObject","inLanguage":"fr-FR","@id":"https:\/\/espace360.net\/cormeilles\/#\/schema\/logo\/image\/","url":"https:\/\/espace360.net\/cormeilles\/wp-content\/uploads\/sites\/7\/2026\/02\/logo-espace-360-favicon.png","contentUrl":"https:\/\/espace360.net\/cormeilles\/wp-content\/uploads\/sites\/7\/2026\/02\/logo-espace-360-favicon.png","width":512,"height":521,"caption":"Espace 360"},"image":{"@id":"https:\/\/espace360.net\/cormeilles\/#\/schema\/logo\/image\/"},"sameAs":["https:\/\/www.instagram.com\/espace360.cormeilles","https:\/\/fr.linkedin.com\/company\/espace-360-cormeilles-en-parisis","https:\/\/www.tiktok.com\/@espace360.cormeilles"]}]}},"acf":[],"_links":{"self":[{"href":"https:\/\/espace360.net\/cormeilles\/wp-json\/wp\/v2\/pages\/1956","targetHints":{"allow":["GET"]}}],"collection":[{"href":"https:\/\/espace360.net\/cormeilles\/wp-json\/wp\/v2\/pages"}],"about":[{"href":"https:\/\/espace360.net\/cormeilles\/wp-json\/wp\/v2\/types\/page"}],"author":[{"embeddable":true,"href":"https:\/\/espace360.net\/cormeilles\/wp-json\/wp\/v2\/users\/2"}],"replies":[{"embeddable":true,"href":"https:\/\/espace360.net\/cormeilles\/wp-json\/wp\/v2\/comments?post=1956"}],"version-history":[{"count":9,"href":"https:\/\/espace360.net\/cormeilles\/wp-json\/wp\/v2\/pages\/1956\/revisions"}],"predecessor-version":[{"id":7904,"href":"https:\/\/espace360.net\/cormeilles\/wp-json\/wp\/v2\/pages\/1956\/revisions\/7904"}],"wp:attachment":[{"href":"https:\/\/espace360.net\/cormeilles\/wp-json\/wp\/v2\/media?parent=1956"}],"curies":[{"name":"wp","href":"https:\/\/api.w.org\/{rel}","templated":true}]}}