{"id":3388,"date":"2025-06-30T12:20:05","date_gmt":"2025-06-30T10:20:05","guid":{"rendered":"https:\/\/espace360.net\/cormeilles-v2\/?page_id=3388"},"modified":"2026-02-12T10:11:54","modified_gmt":"2026-02-12T09:11:54","slug":"rejoignez-nous","status":"publish","type":"page","link":"https:\/\/espace360.net\/cormeilles\/rejoignez-nous\/","title":{"rendered":"Rejoignez-Nous"},"content":{"rendered":"\t\t<div data-elementor-type=\"wp-page\" data-elementor-id=\"3388\" class=\"elementor elementor-3388\" data-elementor-post-type=\"page\">\n\t\t\t\t<div class=\"elementor-element elementor-element-cd0ed0e e-flex e-con-boxed e-con e-parent\" data-id=\"cd0ed0e\" data-element_type=\"container\" data-e-type=\"container\">\n\t\t\t\t\t<div class=\"e-con-inner\">\n\t\t\t\t<div class=\"elementor-element elementor-element-0741bd8 elementor-invisible elementor-widget elementor-widget-heading\" data-id=\"0741bd8\" data-element_type=\"widget\" data-e-type=\"widget\" data-settings=\"{&quot;_animation&quot;:&quot;fadeInUp&quot;}\" data-widget_type=\"heading.default\">\n\t\t\t\t<div class=\"elementor-widget-container\">\n\t\t\t\t\t<h1 class=\"elementor-heading-title elementor-size-default\">REJOIGNEZ-NOUS !<\/h1>\t\t\t\t<\/div>\n\t\t\t\t<\/div>\n\t\t\t\t<div class=\"elementor-element elementor-element-521320a elementor-widget elementor-widget-text-editor\" data-id=\"521320a\" data-element_type=\"widget\" data-e-type=\"widget\" data-widget_type=\"text-editor.default\">\n\t\t\t\t<div class=\"elementor-widget-container\">\n\t\t\t\t\t\t\t\t\t<p style=\"text-align: center;\">Nous recherchons toujours de nouveaux collaborateurs avec de la personnalit\u00e9 afin d\u2019incarner \u00e0 nos c\u00f4t\u00e9s une Nouvelle G\u00e9n\u00e9ration d\u2019activit\u00e9s !<\/p><p style=\"text-align: center;\">Si vous \u00eates pr\u00eat(e)s \u00e0 vivre une aventure humaine, \u00e9nergique et motivante, alors vous \u00eates pr\u00eats pour l\u2019aventure <a href=\"https:\/\/espace360.net\/cormeilles\/\">ESPACE 360<\/a> !<\/p>\t\t\t\t\t\t\t\t<\/div>\n\t\t\t\t<\/div>\n\t\t\t\t<div class=\"elementor-element elementor-element-014bd1d elementor-widget__width-initial elementor-button-align-stretch elementor-widget elementor-widget-form\" data-id=\"014bd1d\" data-element_type=\"widget\" data-e-type=\"widget\" data-settings=\"{&quot;step_next_label&quot;:&quot;Suivant&quot;,&quot;step_previous_label&quot;:&quot;Pr\\u00e9c\\u00e9dent&quot;,&quot;button_width&quot;:&quot;100&quot;,&quot;step_type&quot;:&quot;number_text&quot;,&quot;step_icon_shape&quot;:&quot;circle&quot;}\" data-widget_type=\"form.default\">\n\t\t\t\t<div class=\"elementor-widget-container\">\n\t\t\t\t\t\t\t<form class=\"elementor-form\" method=\"post\" id=\"formrecrutement\" name=\"Formulaire Rejoignez-nous\" aria-label=\"Formulaire Rejoignez-nous\">\n\t\t\t<input type=\"hidden\" name=\"post_id\" value=\"3388\"\/>\n\t\t\t<input type=\"hidden\" name=\"form_id\" value=\"014bd1d\"\/>\n\t\t\t<input type=\"hidden\" name=\"referer_title\" value=\"Espace 360 Cormeilles\" \/>\n\n\t\t\t\n\t\t\t<div class=\"elementor-form-fields-wrapper elementor-labels-above\">\n\t\t\t\t\t\t\t\t<div class=\"elementor-field-type-text elementor-field-group elementor-column elementor-field-group-nom elementor-col-50 elementor-field-required\">\n\t\t\t\t\t\t\t\t\t\t\t\t\t<input size=\"1\" type=\"text\" name=\"form_fields[nom]\" id=\"form-field-nom\" class=\"elementor-field elementor-size-lg  elementor-field-textual\" placeholder=\"Nom*\" required=\"required\">\n\t\t\t\t\t\t\t\t\t\t\t<\/div>\n\t\t\t\t\t\t\t\t<div class=\"elementor-field-type-text elementor-field-group elementor-column elementor-field-group-prenom elementor-col-50 elementor-field-required\">\n\t\t\t\t\t\t\t\t\t\t\t\t\t<input size=\"1\" type=\"text\" name=\"form_fields[prenom]\" id=\"form-field-prenom\" class=\"elementor-field elementor-size-lg  elementor-field-textual\" placeholder=\"Pr\u00e9nom*\" required=\"required\">\n\t\t\t\t\t\t\t\t\t\t\t<\/div>\n\t\t\t\t\t\t\t\t<div class=\"elementor-field-type-email elementor-field-group elementor-column elementor-field-group-email elementor-col-50 elementor-field-required\">\n\t\t\t\t\t\t\t\t\t\t\t\t\t<input size=\"1\" type=\"email\" name=\"form_fields[email]\" id=\"form-field-email\" class=\"elementor-field elementor-size-lg  elementor-field-textual\" placeholder=\"E-mail*\" required=\"required\">\n\t\t\t\t\t\t\t\t\t\t\t<\/div>\n\t\t\t\t\t\t\t\t<div class=\"elementor-field-type-tel elementor-field-group elementor-column elementor-field-group-tel elementor-col-50 elementor-field-required\">\n\t\t\t\t\t\t\t<input size=\"1\" type=\"tel\" name=\"form_fields[tel]\" id=\"form-field-tel\" class=\"elementor-field elementor-size-lg  elementor-field-textual\" placeholder=\"T\u00e9l\u00e9phone*\" required=\"required\" pattern=\"[0-9()#&amp;+*-=.]+\" title=\"Seuls les caract\u00e8res de num\u00e9ros de t\u00e9l\u00e9phone (#, -, *, etc.) sont accept\u00e9s.\">\n\n\t\t\t\t\t\t<\/div>\n\t\t\t\t\t\t\t\t<div class=\"elementor-field-type-text elementor-field-group elementor-column elementor-field-group-adresse elementor-col-50 elementor-field-required\">\n\t\t\t\t\t\t\t\t\t\t\t\t\t<input size=\"1\" type=\"text\" name=\"form_fields[adresse]\" id=\"form-field-adresse\" class=\"elementor-field elementor-size-lg  elementor-field-textual\" placeholder=\"Adresse*\" required=\"required\">\n\t\t\t\t\t\t\t\t\t\t\t<\/div>\n\t\t\t\t\t\t\t\t<div class=\"elementor-field-type-text elementor-field-group elementor-column elementor-field-group-ville elementor-col-50 elementor-field-required\">\n\t\t\t\t\t\t\t\t\t\t\t\t\t<input size=\"1\" type=\"text\" name=\"form_fields[ville]\" id=\"form-field-ville\" class=\"elementor-field elementor-size-lg  elementor-field-textual\" placeholder=\"Ville*\" required=\"required\">\n\t\t\t\t\t\t\t\t\t\t\t<\/div>\n\t\t\t\t\t\t\t\t<div class=\"elementor-field-type-text elementor-field-group elementor-column elementor-field-group-cp elementor-col-50 elementor-field-required\">\n\t\t\t\t\t\t\t\t\t\t\t\t\t<input size=\"1\" type=\"text\" name=\"form_fields[cp]\" id=\"form-field-cp\" class=\"elementor-field elementor-size-lg  elementor-field-textual\" placeholder=\"Code Postal*\" required=\"required\">\n\t\t\t\t\t\t\t\t\t\t\t<\/div>\n\t\t\t\t\t\t\t\t<div class=\"elementor-field-type-select elementor-field-group elementor-column elementor-field-group-poste elementor-col-50 elementor-field-required\">\n\t\t\t\t\t\t\t<div class=\"elementor-field elementor-select-wrapper remove-before \">\n\t\t\t<div class=\"select-caret-down-wrapper\">\n\t\t\t\t<svg aria-hidden=\"true\" class=\"e-font-icon-svg e-eicon-caret-down\" viewBox=\"0 0 571.4 571.4\" xmlns=\"http:\/\/www.w3.org\/2000\/svg\"><path d=\"M571 393Q571 407 561 418L311 668Q300 679 286 679T261 668L11 418Q0 407 0 393T11 368 36 357H536Q550 357 561 368T571 393Z\"><\/path><\/svg>\t\t\t<\/div>\n\t\t\t<select name=\"form_fields[poste]\" id=\"form-field-poste\" class=\"elementor-field-textual elementor-size-lg\" required=\"required\">\n\t\t\t\t\t\t\t\t\t<option value=\"Poste Souhait\u00e9*\">Poste Souhait\u00e9*<\/option>\n\t\t\t\t\t\t\t\t\t<option value=\"Barman\">Barman<\/option>\n\t\t\t\t\t\t\t\t\t<option value=\"S\u00e9curit\u00e9\">S\u00e9curit\u00e9<\/option>\n\t\t\t\t\t\t\t\t\t<option value=\"Animation\">Animation<\/option>\n\t\t\t\t\t\t\t\t\t<option value=\"G\u00e9rant \/ Responsable\">G\u00e9rant \/ Responsable<\/option>\n\t\t\t\t\t\t\t\t\t<option value=\"Accueil \/ Commercial\">Accueil \/ Commercial<\/option>\n\t\t\t\t\t\t\t<\/select>\n\t\t<\/div>\n\t\t\t\t\t\t<\/div>\n\t\t\t\t\t\t\t\t<div class=\"elementor-field-type-upload elementor-field-group elementor-column elementor-field-group-cv elementor-col-100 elementor-field-required\">\n\t\t\t\t\t\t\t\t\t\t\t\t<label for=\"form-field-cv\" class=\"elementor-field-label\">\n\t\t\t\t\t\t\t\tVotre CV*\t\t\t\t\t\t\t<\/label>\n\t\t\t\t\t\t\t\t<input type=\"file\" name=\"form_fields[cv]\" id=\"form-field-cv\" class=\"elementor-field elementor-size-lg  elementor-upload-field\" required=\"required\" data-maxsize=\"5\" data-maxsize-message=\"Ce fichier d\u00e9passe la taille maximale autoris\u00e9e.\">\n\n\t\t\t\t\t\t<\/div>\n\t\t\t\t\t\t\t\t<div class=\"elementor-field-type-upload elementor-field-group elementor-column elementor-field-group-lm elementor-col-100 elementor-field-required\">\n\t\t\t\t\t\t\t\t\t\t\t\t<label for=\"form-field-lm\" class=\"elementor-field-label\">\n\t\t\t\t\t\t\t\tVotre Lettre de Motivation*\t\t\t\t\t\t\t<\/label>\n\t\t\t\t\t\t\t\t<input type=\"file\" name=\"form_fields[lm]\" id=\"form-field-lm\" class=\"elementor-field elementor-size-lg  elementor-upload-field\" required=\"required\" data-maxsize=\"5\" data-maxsize-message=\"Ce fichier d\u00e9passe la taille maximale autoris\u00e9e.\">\n\n\t\t\t\t\t\t<\/div>\n\t\t\t\t\t\t\t\t<div class=\"elementor-field-type-textarea elementor-field-group elementor-column elementor-field-group-message elementor-col-100\">\n\t\t\t\t\t<textarea class=\"elementor-field-textual elementor-field  elementor-size-lg\" name=\"form_fields[message]\" id=\"form-field-message\" rows=\"3\" placeholder=\"Message\"><\/textarea>\t\t\t\t<\/div>\n\t\t\t\t\t\t\t\t<div class=\"elementor-field-type-acceptance elementor-field-group elementor-column elementor-field-group-acceptation elementor-col-100 elementor-field-required\">\n\t\t\t\t\t\t\t<div class=\"elementor-field-subgroup\">\n\t\t\t<span class=\"elementor-field-option\">\n\t\t\t\t<input type=\"checkbox\" name=\"form_fields[acceptation]\" id=\"form-field-acceptation\" class=\"elementor-field elementor-size-lg  elementor-acceptance-field\" required=\"required\">\n\t\t\t\t<label for=\"form-field-acceptation\"><span style=\"font-size: 17px\">J\u2019ai lu et accepte la <a href=\"\/mentions-legales\/\">politique de confidentialit\u00e9<\/a> de ce site.<\/span><\/label>\t\t\t<\/span>\n\t\t<\/div>\n\t\t\t\t\t\t<\/div>\n\t\t\t\t\t\t\t\t<div class=\"elementor-field-type-recaptcha_v3 elementor-field-group elementor-column elementor-field-group-field_aaf88a5 elementor-col-100 recaptcha_v3-bottomright\">\n\t\t\t\t\t<div class=\"elementor-field\" id=\"form-field-field_aaf88a5\"><div class=\"elementor-g-recaptcha\" data-sitekey=\"6LeVrv4qAAAAAE7QfTPRAM14_aBf9GEfL3ubX1zM\" data-type=\"v3\" data-action=\"Form\" data-badge=\"bottomright\" data-size=\"invisible\"><\/div><\/div>\t\t\t\t<\/div>\n\t\t\t\t\t\t\t\t<div class=\"elementor-field-group elementor-column elementor-field-type-submit elementor-col-100 e-form__buttons\">\n\t\t\t\t\t<button class=\"elementor-button elementor-size-lg elementor-animation-shrink\" type=\"submit\">\n\t\t\t\t\t\t<span class=\"elementor-button-content-wrapper\">\n\t\t\t\t\t\t\t\t\t\t\t\t\t\t\t\t\t\t\t\t\t\t<span class=\"elementor-button-text\">Envoyer<\/span>\n\t\t\t\t\t\t\t\t\t\t\t\t\t<\/span>\n\t\t\t\t\t<\/button>\n\t\t\t\t<\/div>\n\t\t\t<\/div>\n\t\t<\/form>\n\t\t\t\t\t\t<\/div>\n\t\t\t\t<\/div>\n\t\t\t\t\t<\/div>\n\t\t\t\t<\/div>\n\t\t<div class=\"elementor-element elementor-element-372fc41 e-con-full e-flex e-con e-parent\" data-id=\"372fc41\" data-element_type=\"container\" data-e-type=\"container\">\n\t\t<div class=\"elementor-element elementor-element-1326b09 e-con-full e-flex e-con e-child\" data-id=\"1326b09\" data-element_type=\"container\" data-e-type=\"container\">\n\t\t\t\t<div class=\"elementor-element elementor-element-08321cb elementor-widget__width-initial elementor-widget elementor-widget-text-editor\" data-id=\"08321cb\" data-element_type=\"widget\" data-e-type=\"widget\" data-widget_type=\"text-editor.default\">\n\t\t\t\t<div class=\"elementor-widget-container\">\n\t\t\t\t\t\t\t\t\t<p><b>Adresse :<\/b><br \/>Espace360 Cormeilles<br \/>1 Bd du Parisis, 95240 Cormeilles-en-Parisis<\/p>\t\t\t\t\t\t\t\t<\/div>\n\t\t\t\t<\/div>\n\t\t\t\t<div class=\"elementor-element elementor-element-7449861 elementor-align-left elementor-widget__width-initial elementor-widget elementor-widget-button\" data-id=\"7449861\" data-element_type=\"widget\" data-e-type=\"widget\" data-widget_type=\"button.default\">\n\t\t\t\t<div class=\"elementor-widget-container\">\n\t\t\t\t\t\t\t\t\t<div class=\"elementor-button-wrapper\">\n\t\t\t\t\t<a class=\"elementor-button elementor-button-link elementor-size-lg\" href=\"https:\/\/www.google.com\/maps\/place\/Espace+360+Cormeilles-en-Parisis\/@48.9547162,2.1847937,17z\/data=!3m1!4b1!4m6!3m5!1s0x47e66116fd240a3d:0x72b3f9f055a29da6!8m2!3d48.9547127!4d2.1873686!16s%2Fg%2F11yzkw_3z2?entry=ttu&#038;g_ep=EgoyMDI2MDIwOS4wIKXMDSoASAFQAw%3D%3D\" target=\"_blank\">\n\t\t\t\t\t\t<span class=\"elementor-button-content-wrapper\">\n\t\t\t\t\t\t\t\t\t<span class=\"elementor-button-text\">Calculer votre itin\u00e9raire<\/span>\n\t\t\t\t\t<\/span>\n\t\t\t\t\t<\/a>\n\t\t\t\t<\/div>\n\t\t\t\t\t\t\t\t<\/div>\n\t\t\t\t<\/div>\n\t\t\t\t<div class=\"elementor-element elementor-element-eeba872 elementor-widget__width-initial elementor-icon-list--layout-traditional elementor-list-item-link-full_width elementor-widget elementor-widget-icon-list\" data-id=\"eeba872\" data-element_type=\"widget\" data-e-type=\"widget\" data-widget_type=\"icon-list.default\">\n\t\t\t\t<div class=\"elementor-widget-container\">\n\t\t\t\t\t\t\t<ul class=\"elementor-icon-list-items\">\n\t\t\t\t\t\t\t<li class=\"elementor-icon-list-item\">\n\t\t\t\t\t\t\t\t\t\t\t<a href=\"tel:+33258474747\">\n\n\t\t\t\t\t\t\t\t\t\t\t\t<span class=\"elementor-icon-list-icon\">\n\t\t\t\t\t\t\t<svg aria-hidden=\"true\" class=\"e-font-icon-svg e-fas-phone-alt\" viewBox=\"0 0 512 512\" xmlns=\"http:\/\/www.w3.org\/2000\/svg\"><path d=\"M497.39 361.8l-112-48a24 24 0 0 0-28 6.9l-49.6 60.6A370.66 370.66 0 0 1 130.6 204.11l60.6-49.6a23.94 23.94 0 0 0 6.9-28l-48-112A24.16 24.16 0 0 0 122.6.61l-104 24A24 24 0 0 0 0 48c0 256.5 207.9 464 464 464a24 24 0 0 0 23.4-18.6l24-104a24.29 24.29 0 0 0-14.01-27.6z\"><\/path><\/svg>\t\t\t\t\t\t<\/span>\n\t\t\t\t\t\t\t\t\t\t<span class=\"elementor-icon-list-text\">T\u00e9l : 02 58 47 47 47<\/span>\n\t\t\t\t\t\t\t\t\t\t\t<\/a>\n\t\t\t\t\t\t\t\t\t<\/li>\n\t\t\t\t\t\t\t\t<li class=\"elementor-icon-list-item\">\n\t\t\t\t\t\t\t\t\t\t\t<a href=\"mailto:recrutement.cormeilles@espace360.net\">\n\n\t\t\t\t\t\t\t\t\t\t\t\t<span class=\"elementor-icon-list-icon\">\n\t\t\t\t\t\t\t<svg aria-hidden=\"true\" class=\"e-font-icon-svg e-fas-envelope\" viewBox=\"0 0 512 512\" xmlns=\"http:\/\/www.w3.org\/2000\/svg\"><path d=\"M502.3 190.8c3.9-3.1 9.7-.2 9.7 4.7V400c0 26.5-21.5 48-48 48H48c-26.5 0-48-21.5-48-48V195.6c0-5 5.7-7.8 9.7-4.7 22.4 17.4 52.1 39.5 154.1 113.6 21.1 15.4 56.7 47.8 92.2 47.6 35.7.3 72-32.8 92.3-47.6 102-74.1 131.6-96.3 154-113.7zM256 320c23.2.4 56.6-29.2 73.4-41.4 132.7-96.3 142.8-104.7 173.4-128.7 5.8-4.5 9.2-11.5 9.2-18.9v-19c0-26.5-21.5-48-48-48H48C21.5 64 0 85.5 0 112v19c0 7.4 3.4 14.3 9.2 18.9 30.6 23.9 40.7 32.4 173.4 128.7 16.8 12.2 50.2 41.8 73.4 41.4z\"><\/path><\/svg>\t\t\t\t\t\t<\/span>\n\t\t\t\t\t\t\t\t\t\t<span class=\"elementor-icon-list-text\">Email : recrutement.cormeilles@espace360.net<\/span>\n\t\t\t\t\t\t\t\t\t\t\t<\/a>\n\t\t\t\t\t\t\t\t\t<\/li>\n\t\t\t\t\t\t<\/ul>\n\t\t\t\t\t\t<\/div>\n\t\t\t\t<\/div>\n\t\t\t\t<\/div>\n\t\t<div class=\"elementor-element elementor-element-2f11a7f e-con-full e-flex e-con e-child\" data-id=\"2f11a7f\" data-element_type=\"container\" data-e-type=\"container\">\n\t\t\t\t<div class=\"elementor-element elementor-element-0900a8a elementor-widget elementor-widget-google_maps\" data-id=\"0900a8a\" data-element_type=\"widget\" data-e-type=\"widget\" data-widget_type=\"google_maps.default\">\n\t\t\t\t<div class=\"elementor-widget-container\">\n\t\t\t\t\t\t\t<div class=\"elementor-custom-embed\">\n\t\t\t<iframe loading=\"lazy\"\n\t\t\t\t\tsrc=\"https:\/\/maps.google.com\/maps?q=Espace%20360%20Cormeilles-en-Parisis&#038;t=m&#038;z=12&#038;output=embed&#038;iwloc=near\"\n\t\t\t\t\ttitle=\"Espace 360 Cormeilles-en-Parisis\"\n\t\t\t\t\taria-label=\"Espace 360 Cormeilles-en-Parisis\"\n\t\t\t><\/iframe>\n\t\t<\/div>\n\t\t\t\t\t\t<\/div>\n\t\t\t\t<\/div>\n\t\t\t\t<\/div>\n\t\t\t\t<\/div>\n\t\t\t\t<\/div>\n\t\t","protected":false},"excerpt":{"rendered":"<p>REJOIGNEZ-NOUS ! Nous recherchons toujours de nouveaux collaborateurs avec de la personnalit\u00e9 afin d\u2019incarner \u00e0 nos c\u00f4t\u00e9s une Nouvelle G\u00e9n\u00e9ration d\u2019activit\u00e9s ! Si vous \u00eates pr\u00eat(e)s \u00e0 vivre une aventure humaine, \u00e9nergique et motivante, alors vous \u00eates pr\u00eats pour l\u2019aventure ESPACE 360 ! Adresse :Espace360 Cormeilles1 Bd du Parisis, 95240 Cormeilles-en-Parisis Calculer votre itin\u00e9raire T\u00e9l [&hellip;]<\/p>\n","protected":false},"author":2,"featured_media":0,"parent":0,"menu_order":0,"comment_status":"closed","ping_status":"closed","template":"","meta":{"_acf_changed":false,"footnotes":""},"class_list":["post-3388","page","type-page","status-publish","hentry"],"yoast_head":"<!-- This site is optimized with the Yoast SEO plugin v27.4 - https:\/\/yoast.com\/product\/yoast-seo-wordpress\/ -->\n<title>Rejoignez-Nous | Espace 360 Cormeilles<\/title>\n<meta name=\"description\" content=\"Nous recherchons toujours de nouveaux collaborateurs afin d&#039;incarner a\u0300 nos co\u0302te\u0301s une nouvelle ge\u0301ne\u0301ration de divertissement.\" \/>\n<meta name=\"robots\" content=\"index, follow, max-snippet:-1, max-image-preview:large, max-video-preview:-1\" \/>\n<link rel=\"canonical\" href=\"https:\/\/espace360.net\/cormeilles\/rejoignez-nous\/\" \/>\n<meta property=\"og:locale\" content=\"fr_FR\" \/>\n<meta property=\"og:type\" content=\"article\" \/>\n<meta property=\"og:title\" content=\"Rejoignez-Nous | Espace 360 Cormeilles\" \/>\n<meta property=\"og:description\" content=\"Nous recherchons toujours de nouveaux collaborateurs afin d&#039;incarner a\u0300 nos co\u0302te\u0301s une nouvelle ge\u0301ne\u0301ration de divertissement.\" \/>\n<meta property=\"og:url\" content=\"https:\/\/espace360.net\/cormeilles\/rejoignez-nous\/\" \/>\n<meta property=\"og:site_name\" content=\"Espace 360 Cormeilles\" \/>\n<meta property=\"article:modified_time\" content=\"2026-02-12T09:11:54+00:00\" \/>\n<meta property=\"og:image\" content=\"https:\/\/espace360.net\/cormeilles\/wp-content\/uploads\/sites\/7\/2026\/02\/logo-espace-360-favicon.png\" \/>\n\t<meta property=\"og:image:width\" content=\"512\" \/>\n\t<meta property=\"og:image:height\" content=\"521\" \/>\n\t<meta property=\"og:image:type\" content=\"image\/png\" \/>\n<meta name=\"twitter:card\" content=\"summary_large_image\" \/>\n<meta name=\"twitter:label1\" content=\"Dur\u00e9e de lecture estim\u00e9e\" \/>\n\t<meta name=\"twitter:data1\" content=\"1 minute\" \/>\n<script type=\"application\/ld+json\" class=\"yoast-schema-graph\">{\"@context\":\"https:\\\/\\\/schema.org\",\"@graph\":[{\"@type\":\"WebPage\",\"@id\":\"https:\\\/\\\/espace360.net\\\/cormeilles\\\/rejoignez-nous\\\/\",\"url\":\"https:\\\/\\\/espace360.net\\\/cormeilles\\\/rejoignez-nous\\\/\",\"name\":\"Rejoignez-Nous | Espace 360 Cormeilles\",\"isPartOf\":{\"@id\":\"https:\\\/\\\/espace360.net\\\/cormeilles\\\/#website\"},\"datePublished\":\"2025-06-30T10:20:05+00:00\",\"dateModified\":\"2026-02-12T09:11:54+00:00\",\"description\":\"Nous recherchons toujours de nouveaux collaborateurs afin d'incarner a\u0300 nos co\u0302te\u0301s une nouvelle ge\u0301ne\u0301ration de divertissement.\",\"breadcrumb\":{\"@id\":\"https:\\\/\\\/espace360.net\\\/cormeilles\\\/rejoignez-nous\\\/#breadcrumb\"},\"inLanguage\":\"fr-FR\",\"potentialAction\":[{\"@type\":\"ReadAction\",\"target\":[\"https:\\\/\\\/espace360.net\\\/cormeilles\\\/rejoignez-nous\\\/\"]}]},{\"@type\":\"BreadcrumbList\",\"@id\":\"https:\\\/\\\/espace360.net\\\/cormeilles\\\/rejoignez-nous\\\/#breadcrumb\",\"itemListElement\":[{\"@type\":\"ListItem\",\"position\":1,\"name\":\"Accueil\",\"item\":\"https:\\\/\\\/espace360.net\\\/cormeilles\\\/\"},{\"@type\":\"ListItem\",\"position\":2,\"name\":\"Rejoignez-Nous\"}]},{\"@type\":\"WebSite\",\"@id\":\"https:\\\/\\\/espace360.net\\\/cormeilles\\\/#website\",\"url\":\"https:\\\/\\\/espace360.net\\\/cormeilles\\\/\",\"name\":\"Espace 360 Cormeilles\",\"description\":\"Parc de Loisirs \u00e0 Cormeilles\",\"publisher\":{\"@id\":\"https:\\\/\\\/espace360.net\\\/cormeilles\\\/#organization\"},\"alternateName\":\"Espace 360\",\"potentialAction\":[{\"@type\":\"SearchAction\",\"target\":{\"@type\":\"EntryPoint\",\"urlTemplate\":\"https:\\\/\\\/espace360.net\\\/cormeilles\\\/?s={search_term_string}\"},\"query-input\":{\"@type\":\"PropertyValueSpecification\",\"valueRequired\":true,\"valueName\":\"search_term_string\"}}],\"inLanguage\":\"fr-FR\"},{\"@type\":\"Organization\",\"@id\":\"https:\\\/\\\/espace360.net\\\/cormeilles\\\/#organization\",\"name\":\"Espace 360\",\"url\":\"https:\\\/\\\/espace360.net\\\/cormeilles\\\/\",\"logo\":{\"@type\":\"ImageObject\",\"inLanguage\":\"fr-FR\",\"@id\":\"https:\\\/\\\/espace360.net\\\/cormeilles\\\/#\\\/schema\\\/logo\\\/image\\\/\",\"url\":\"https:\\\/\\\/espace360.net\\\/cormeilles\\\/wp-content\\\/uploads\\\/sites\\\/7\\\/2026\\\/02\\\/logo-espace-360-favicon.png\",\"contentUrl\":\"https:\\\/\\\/espace360.net\\\/cormeilles\\\/wp-content\\\/uploads\\\/sites\\\/7\\\/2026\\\/02\\\/logo-espace-360-favicon.png\",\"width\":512,\"height\":521,\"caption\":\"Espace 360\"},\"image\":{\"@id\":\"https:\\\/\\\/espace360.net\\\/cormeilles\\\/#\\\/schema\\\/logo\\\/image\\\/\"},\"sameAs\":[\"https:\\\/\\\/www.instagram.com\\\/espace360.cormeilles\",\"https:\\\/\\\/fr.linkedin.com\\\/company\\\/espace-360-cormeilles-en-parisis\",\"https:\\\/\\\/www.tiktok.com\\\/@espace360.cormeilles\"]}]}<\/script>\n<!-- \/ Yoast SEO plugin. -->","yoast_head_json":{"title":"Rejoignez-Nous | Espace 360 Cormeilles","description":"Nous recherchons toujours de nouveaux collaborateurs afin d'incarner a\u0300 nos co\u0302te\u0301s une nouvelle ge\u0301ne\u0301ration de divertissement.","robots":{"index":"index","follow":"follow","max-snippet":"max-snippet:-1","max-image-preview":"max-image-preview:large","max-video-preview":"max-video-preview:-1"},"canonical":"https:\/\/espace360.net\/cormeilles\/rejoignez-nous\/","og_locale":"fr_FR","og_type":"article","og_title":"Rejoignez-Nous | Espace 360 Cormeilles","og_description":"Nous recherchons toujours de nouveaux collaborateurs afin d'incarner a\u0300 nos co\u0302te\u0301s une nouvelle ge\u0301ne\u0301ration de divertissement.","og_url":"https:\/\/espace360.net\/cormeilles\/rejoignez-nous\/","og_site_name":"Espace 360 Cormeilles","article_modified_time":"2026-02-12T09:11:54+00:00","og_image":[{"width":512,"height":521,"url":"https:\/\/espace360.net\/cormeilles\/wp-content\/uploads\/sites\/7\/2026\/02\/logo-espace-360-favicon.png","type":"image\/png"}],"twitter_card":"summary_large_image","twitter_misc":{"Dur\u00e9e de lecture estim\u00e9e":"1 minute"},"schema":{"@context":"https:\/\/schema.org","@graph":[{"@type":"WebPage","@id":"https:\/\/espace360.net\/cormeilles\/rejoignez-nous\/","url":"https:\/\/espace360.net\/cormeilles\/rejoignez-nous\/","name":"Rejoignez-Nous | Espace 360 Cormeilles","isPartOf":{"@id":"https:\/\/espace360.net\/cormeilles\/#website"},"datePublished":"2025-06-30T10:20:05+00:00","dateModified":"2026-02-12T09:11:54+00:00","description":"Nous recherchons toujours de nouveaux collaborateurs afin d'incarner a\u0300 nos co\u0302te\u0301s une nouvelle ge\u0301ne\u0301ration de divertissement.","breadcrumb":{"@id":"https:\/\/espace360.net\/cormeilles\/rejoignez-nous\/#breadcrumb"},"inLanguage":"fr-FR","potentialAction":[{"@type":"ReadAction","target":["https:\/\/espace360.net\/cormeilles\/rejoignez-nous\/"]}]},{"@type":"BreadcrumbList","@id":"https:\/\/espace360.net\/cormeilles\/rejoignez-nous\/#breadcrumb","itemListElement":[{"@type":"ListItem","position":1,"name":"Accueil","item":"https:\/\/espace360.net\/cormeilles\/"},{"@type":"ListItem","position":2,"name":"Rejoignez-Nous"}]},{"@type":"WebSite","@id":"https:\/\/espace360.net\/cormeilles\/#website","url":"https:\/\/espace360.net\/cormeilles\/","name":"Espace 360 Cormeilles","description":"Parc de Loisirs \u00e0 Cormeilles","publisher":{"@id":"https:\/\/espace360.net\/cormeilles\/#organization"},"alternateName":"Espace 360","potentialAction":[{"@type":"SearchAction","target":{"@type":"EntryPoint","urlTemplate":"https:\/\/espace360.net\/cormeilles\/?s={search_term_string}"},"query-input":{"@type":"PropertyValueSpecification","valueRequired":true,"valueName":"search_term_string"}}],"inLanguage":"fr-FR"},{"@type":"Organization","@id":"https:\/\/espace360.net\/cormeilles\/#organization","name":"Espace 360","url":"https:\/\/espace360.net\/cormeilles\/","logo":{"@type":"ImageObject","inLanguage":"fr-FR","@id":"https:\/\/espace360.net\/cormeilles\/#\/schema\/logo\/image\/","url":"https:\/\/espace360.net\/cormeilles\/wp-content\/uploads\/sites\/7\/2026\/02\/logo-espace-360-favicon.png","contentUrl":"https:\/\/espace360.net\/cormeilles\/wp-content\/uploads\/sites\/7\/2026\/02\/logo-espace-360-favicon.png","width":512,"height":521,"caption":"Espace 360"},"image":{"@id":"https:\/\/espace360.net\/cormeilles\/#\/schema\/logo\/image\/"},"sameAs":["https:\/\/www.instagram.com\/espace360.cormeilles","https:\/\/fr.linkedin.com\/company\/espace-360-cormeilles-en-parisis","https:\/\/www.tiktok.com\/@espace360.cormeilles"]}]}},"acf":[],"_links":{"self":[{"href":"https:\/\/espace360.net\/cormeilles\/wp-json\/wp\/v2\/pages\/3388","targetHints":{"allow":["GET"]}}],"collection":[{"href":"https:\/\/espace360.net\/cormeilles\/wp-json\/wp\/v2\/pages"}],"about":[{"href":"https:\/\/espace360.net\/cormeilles\/wp-json\/wp\/v2\/types\/page"}],"author":[{"embeddable":true,"href":"https:\/\/espace360.net\/cormeilles\/wp-json\/wp\/v2\/users\/2"}],"replies":[{"embeddable":true,"href":"https:\/\/espace360.net\/cormeilles\/wp-json\/wp\/v2\/comments?post=3388"}],"version-history":[{"count":6,"href":"https:\/\/espace360.net\/cormeilles\/wp-json\/wp\/v2\/pages\/3388\/revisions"}],"predecessor-version":[{"id":7215,"href":"https:\/\/espace360.net\/cormeilles\/wp-json\/wp\/v2\/pages\/3388\/revisions\/7215"}],"wp:attachment":[{"href":"https:\/\/espace360.net\/cormeilles\/wp-json\/wp\/v2\/media?parent=3388"}],"curies":[{"name":"wp","href":"https:\/\/api.w.org\/{rel}","templated":true}]}}