{"id":45,"date":"2018-08-05T15:37:07","date_gmt":"2018-08-05T13:37:07","guid":{"rendered":"http:\/\/espace360.net\/?page_id=45"},"modified":"2025-11-10T10:32:24","modified_gmt":"2025-11-10T09:32:24","slug":"contact","status":"publish","type":"page","link":"https:\/\/espace360.net\/rouen\/contact\/","title":{"rendered":"Contact"},"content":{"rendered":"\t\t<div data-elementor-type=\"wp-page\" data-elementor-id=\"45\" class=\"elementor elementor-45\" data-elementor-post-type=\"page\">\n\t\t\t\t\t\t<section class=\"elementor-section elementor-top-section elementor-element elementor-element-62334fa9 elementor-section-boxed elementor-section-height-default elementor-section-height-default\" data-id=\"62334fa9\" data-element_type=\"section\" data-e-type=\"section\" data-settings=\"{&quot;background_background&quot;:&quot;classic&quot;}\">\n\t\t\t\t\t\t<div class=\"elementor-container elementor-column-gap-default\">\n\t\t\t\t\t<div class=\"elementor-column elementor-col-100 elementor-top-column elementor-element elementor-element-1e74f901\" data-id=\"1e74f901\" data-element_type=\"column\" data-e-type=\"column\">\n\t\t\t<div class=\"elementor-widget-wrap elementor-element-populated\">\n\t\t\t\t\t\t<div class=\"elementor-element elementor-element-1e2ea37d elementor-widget elementor-widget-heading\" data-id=\"1e2ea37d\" data-element_type=\"widget\" data-e-type=\"widget\" data-widget_type=\"heading.default\">\n\t\t\t\t<div class=\"elementor-widget-container\">\n\t\t\t\t\t<h1 class=\"elementor-heading-title elementor-size-default\">Contact<\/h1>\t\t\t\t<\/div>\n\t\t\t\t<\/div>\n\t\t\t\t<div class=\"elementor-element elementor-element-7c059c1f elementor-align-center elementor-widget elementor-widget-button\" data-id=\"7c059c1f\" data-element_type=\"widget\" data-e-type=\"widget\" data-widget_type=\"button.default\">\n\t\t\t\t<div class=\"elementor-widget-container\">\n\t\t\t\t\t\t\t\t\t<div class=\"elementor-button-wrapper\">\n\t\t\t\t\t<a class=\"elementor-button elementor-button-link elementor-size-lg\" href=\"https:\/\/rouen.espace360.net\/activites\">\n\t\t\t\t\t\t<span class=\"elementor-button-content-wrapper\">\n\t\t\t\t\t\t\t\t\t<span class=\"elementor-button-text\">Je m\u2019envole<\/span>\n\t\t\t\t\t<\/span>\n\t\t\t\t\t<\/a>\n\t\t\t\t<\/div>\n\t\t\t\t\t\t\t\t<\/div>\n\t\t\t\t<\/div>\n\t\t\t\t\t<\/div>\n\t\t<\/div>\n\t\t\t\t\t<\/div>\n\t\t<\/section>\n\t\t\t\t<section class=\"elementor-section elementor-top-section elementor-element elementor-element-401e665 elementor-section-full_width elementor-section-height-default elementor-section-height-default\" data-id=\"401e665\" data-element_type=\"section\" data-e-type=\"section\">\n\t\t\t\t\t\t<div class=\"elementor-container elementor-column-gap-default\">\n\t\t\t\t\t<div class=\"elementor-column elementor-col-50 elementor-top-column elementor-element elementor-element-162572f8\" data-id=\"162572f8\" data-element_type=\"column\" data-e-type=\"column\">\n\t\t\t<div class=\"elementor-widget-wrap elementor-element-populated\">\n\t\t\t\t\t\t<div class=\"elementor-element elementor-element-4cb52e0 elementor-widget elementor-widget-google_maps\" data-id=\"4cb52e0\" data-element_type=\"widget\" data-e-type=\"widget\" data-widget_type=\"google_maps.default\">\n\t\t\t\t<div class=\"elementor-widget-container\">\n\t\t\t\t\t\t\t<div class=\"elementor-custom-embed\">\n\t\t\t<iframe loading=\"lazy\"\n\t\t\t\t\tsrc=\"https:\/\/maps.google.com\/maps?q=Espace%20360%20Tourville&#038;t=m&#038;z=12&#038;output=embed&#038;iwloc=near\"\n\t\t\t\t\ttitle=\"Espace 360 Tourville\"\n\t\t\t\t\taria-label=\"Espace 360 Tourville\"\n\t\t\t><\/iframe>\n\t\t<\/div>\n\t\t\t\t\t\t<\/div>\n\t\t\t\t<\/div>\n\t\t\t\t\t<\/div>\n\t\t<\/div>\n\t\t\t\t<div class=\"elementor-column elementor-col-50 elementor-top-column elementor-element elementor-element-45c4fbf6\" data-id=\"45c4fbf6\" data-element_type=\"column\" data-e-type=\"column\" data-settings=\"{&quot;background_background&quot;:&quot;classic&quot;}\">\n\t\t\t<div class=\"elementor-widget-wrap elementor-element-populated\">\n\t\t\t\t\t\t<div class=\"elementor-element elementor-element-739359b7 elementor-widget elementor-widget-heading\" data-id=\"739359b7\" data-element_type=\"widget\" data-e-type=\"widget\" data-widget_type=\"heading.default\">\n\t\t\t\t<div class=\"elementor-widget-container\">\n\t\t\t\t\t<h2 class=\"elementor-heading-title elementor-size-default\">Informations\n<\/h2>\t\t\t\t<\/div>\n\t\t\t\t<\/div>\n\t\t\t\t<div class=\"elementor-element elementor-element-19635d34 elementor-widget elementor-widget-text-editor\" data-id=\"19635d34\" data-element_type=\"widget\" data-e-type=\"widget\" data-widget_type=\"text-editor.default\">\n\t\t\t\t<div class=\"elementor-widget-container\">\n\t\t\t\t\t\t\t\t\t<p><b>Adresse :<\/b><br \/>Espace360 Rouen<br \/>11 rue Parc en Seine<br \/>76410 TOURVILLE-LA-RIVI\u00c8RE<\/p><p><b>Contact :<\/b><br \/>T\u00e9l : 02 78 08 43 60<br \/>Email : infos.rouen@espace360.net<\/p>\t\t\t\t\t\t\t\t<\/div>\n\t\t\t\t<\/div>\n\t\t\t\t<div class=\"elementor-element elementor-element-ef1658b elementor-align-left elementor-widget elementor-widget-button\" data-id=\"ef1658b\" data-element_type=\"widget\" data-e-type=\"widget\" id=\"formulaire\" data-widget_type=\"button.default\">\n\t\t\t\t<div class=\"elementor-widget-container\">\n\t\t\t\t\t\t\t\t\t<div class=\"elementor-button-wrapper\">\n\t\t\t\t\t<a class=\"elementor-button elementor-button-link elementor-size-lg\" href=\"https:\/\/www.google.com\/maps\/dir\/\/ZAC+du+Clos+aux+Antes,+76410,+TOURVILLE-LA-RIVI%C3%88RE,+France\/@49.3294653,1.0240273,12z?hl=fr\" target=\"_blank\">\n\t\t\t\t\t\t<span class=\"elementor-button-content-wrapper\">\n\t\t\t\t\t\t\t\t\t<span class=\"elementor-button-text\">Calculer votre itin\u00e9raire<\/span>\n\t\t\t\t\t<\/span>\n\t\t\t\t\t<\/a>\n\t\t\t\t<\/div>\n\t\t\t\t\t\t\t\t<\/div>\n\t\t\t\t<\/div>\n\t\t\t\t\t<\/div>\n\t\t<\/div>\n\t\t\t\t\t<\/div>\n\t\t<\/section>\n\t\t\t\t<section class=\"elementor-section elementor-top-section elementor-element elementor-element-5f65b494 elementor-section-boxed elementor-section-height-default elementor-section-height-default\" data-id=\"5f65b494\" data-element_type=\"section\" data-e-type=\"section\" data-settings=\"{&quot;background_background&quot;:&quot;classic&quot;}\">\n\t\t\t\t\t\t<div class=\"elementor-container elementor-column-gap-default\">\n\t\t\t\t\t<div class=\"elementor-column elementor-col-100 elementor-top-column elementor-element elementor-element-2e9cd220\" data-id=\"2e9cd220\" data-element_type=\"column\" data-e-type=\"column\" data-settings=\"{&quot;background_background&quot;:&quot;classic&quot;}\">\n\t\t\t<div class=\"elementor-widget-wrap elementor-element-populated\">\n\t\t\t\t\t\t<div class=\"elementor-element elementor-element-48139b25 elementor-widget elementor-widget-heading\" data-id=\"48139b25\" data-element_type=\"widget\" data-e-type=\"widget\" data-widget_type=\"heading.default\">\n\t\t\t\t<div class=\"elementor-widget-container\">\n\t\t\t\t\t<h2 class=\"elementor-heading-title elementor-size-default\">Vous avez une question ? Nous avons une r\u00e9ponse !<\/h2>\t\t\t\t<\/div>\n\t\t\t\t<\/div>\n\t\t\t\t<div class=\"elementor-element elementor-element-57b9263 elementor-widget elementor-widget-text-editor\" data-id=\"57b9263\" data-element_type=\"widget\" data-e-type=\"widget\" data-widget_type=\"text-editor.default\">\n\t\t\t\t<div class=\"elementor-widget-container\">\n\t\t\t\t\t\t\t\t\t<p>Notre \u00e9quipe se fera un plaisir de revenir vers vous au plus vite afin de traiter votre demande.<\/p>\t\t\t\t\t\t\t\t<\/div>\n\t\t\t\t<\/div>\n\t\t\t\t<div class=\"elementor-element elementor-element-f761601 elementor-button-align-start elementor-widget elementor-widget-form\" data-id=\"f761601\" data-element_type=\"widget\" data-e-type=\"widget\" data-settings=\"{&quot;step_next_label&quot;:&quot;Suivant&quot;,&quot;step_previous_label&quot;:&quot;Pr\\u00e9c\\u00e9dent&quot;,&quot;button_width&quot;:&quot;100&quot;,&quot;step_type&quot;:&quot;number_text&quot;,&quot;step_icon_shape&quot;:&quot;circle&quot;}\" data-widget_type=\"form.default\">\n\t\t\t\t<div class=\"elementor-widget-container\">\n\t\t\t\t\t\t\t<form class=\"elementor-form\" method=\"post\" id=\"formcontact\" name=\"Formulaire de Contact\" aria-label=\"Formulaire de Contact\">\n\t\t\t<input type=\"hidden\" name=\"post_id\" value=\"45\"\/>\n\t\t\t<input type=\"hidden\" name=\"form_id\" value=\"f761601\"\/>\n\t\t\t<input type=\"hidden\" name=\"referer_title\" value=\"Espace 360 Rouen\" \/>\n\n\t\t\t\n\t\t\t<div class=\"elementor-form-fields-wrapper elementor-labels-\">\n\t\t\t\t\t\t\t\t<div class=\"elementor-field-type-text elementor-field-group elementor-column elementor-field-group-nom elementor-col-50 elementor-field-required\">\n\t\t\t\t\t\t\t\t\t\t\t\t<label for=\"form-field-nom\" class=\"elementor-field-label elementor-screen-only\">\n\t\t\t\t\t\t\t\tNom\t\t\t\t\t\t\t<\/label>\n\t\t\t\t\t\t\t\t\t\t\t\t\t\t<input size=\"1\" type=\"text\" name=\"form_fields[nom]\" id=\"form-field-nom\" class=\"elementor-field elementor-size-lg  elementor-field-textual\" placeholder=\"Nom*\" required=\"required\">\n\t\t\t\t\t\t\t\t\t\t\t<\/div>\n\t\t\t\t\t\t\t\t<div class=\"elementor-field-type-text elementor-field-group elementor-column elementor-field-group-prenom elementor-col-50 elementor-field-required\">\n\t\t\t\t\t\t\t\t\t\t\t\t<label for=\"form-field-prenom\" class=\"elementor-field-label elementor-screen-only\">\n\t\t\t\t\t\t\t\tPr\u00e9nom\t\t\t\t\t\t\t<\/label>\n\t\t\t\t\t\t\t\t\t\t\t\t\t\t<input size=\"1\" type=\"text\" name=\"form_fields[prenom]\" id=\"form-field-prenom\" class=\"elementor-field elementor-size-lg  elementor-field-textual\" placeholder=\"Pr\u00e9nom*\" required=\"required\">\n\t\t\t\t\t\t\t\t\t\t\t<\/div>\n\t\t\t\t\t\t\t\t<div class=\"elementor-field-type-email elementor-field-group elementor-column elementor-field-group-email elementor-col-50 elementor-field-required\">\n\t\t\t\t\t\t\t\t\t\t\t\t<label for=\"form-field-email\" class=\"elementor-field-label elementor-screen-only\">\n\t\t\t\t\t\t\t\tE-mail\t\t\t\t\t\t\t<\/label>\n\t\t\t\t\t\t\t\t\t\t\t\t\t\t<input size=\"1\" type=\"email\" name=\"form_fields[email]\" id=\"form-field-email\" class=\"elementor-field elementor-size-lg  elementor-field-textual\" placeholder=\"E-mail*\" required=\"required\">\n\t\t\t\t\t\t\t\t\t\t\t<\/div>\n\t\t\t\t\t\t\t\t<div class=\"elementor-field-type-tel elementor-field-group elementor-column elementor-field-group-tel elementor-col-50 elementor-field-required\">\n\t\t\t\t\t\t\t\t\t\t\t\t<label for=\"form-field-tel\" class=\"elementor-field-label elementor-screen-only\">\n\t\t\t\t\t\t\t\tT\u00e9l\u00e9phone\t\t\t\t\t\t\t<\/label>\n\t\t\t\t\t\t\t\t<input size=\"1\" type=\"tel\" name=\"form_fields[tel]\" id=\"form-field-tel\" class=\"elementor-field elementor-size-lg  elementor-field-textual\" placeholder=\"T\u00e9l\u00e9phone*\" required=\"required\" pattern=\"[0-9()#&amp;+*-=.]+\" title=\"Seuls les caract\u00e8res de num\u00e9ros de t\u00e9l\u00e9phone (#, -, *, etc.) sont accept\u00e9s.\">\n\n\t\t\t\t\t\t<\/div>\n\t\t\t\t\t\t\t\t<div class=\"elementor-field-type-select elementor-field-group elementor-column elementor-field-group-qui elementor-col-100 elementor-field-required\">\n\t\t\t\t\t\t\t\t\t\t\t\t<label for=\"form-field-qui\" class=\"elementor-field-label elementor-screen-only\">\n\t\t\t\t\t\t\t\tJe suis\t\t\t\t\t\t\t<\/label>\n\t\t\t\t\t\t\t\t<div class=\"elementor-field elementor-select-wrapper remove-before \">\n\t\t\t<div class=\"select-caret-down-wrapper\">\n\t\t\t\t<i aria-hidden=\"true\" class=\"eicon-caret-down\"><\/i>\t\t\t<\/div>\n\t\t\t<select name=\"form_fields[qui]\" id=\"form-field-qui\" class=\"elementor-field-textual elementor-size-lg\" required=\"required\">\n\t\t\t\t\t\t\t\t\t<option value=\"Je Suis*\">Je Suis*<\/option>\n\t\t\t\t\t\t\t\t\t<option value=\"UN PARTICULIER\">UN PARTICULIER<\/option>\n\t\t\t\t\t\t\t\t\t<option value=\"UNE  ENTREPRISE\">UNE  ENTREPRISE<\/option>\n\t\t\t\t\t\t\t\t\t<option value=\"UN CSE\">UN CSE<\/option>\n\t\t\t\t\t\t\t\t\t<option value=\"UN CENTRE DE LOISIRS\">UN CENTRE DE LOISIRS<\/option>\n\t\t\t\t\t\t\t\t\t<option value=\"UN \u00c9TABLISSEMENT SCOLAIRE\">UN \u00c9TABLISSEMENT SCOLAIRE<\/option>\n\t\t\t\t\t\t\t\t\t<option value=\"UNE ASSOCIATION\">UNE ASSOCIATION<\/option>\n\t\t\t\t\t\t\t<\/select>\n\t\t<\/div>\n\t\t\t\t\t\t<\/div>\n\t\t\t\t\t\t\t\t<div class=\"elementor-field-type-select elementor-field-group elementor-column elementor-field-group-objet elementor-col-100 elementor-field-required\">\n\t\t\t\t\t\t\t\t\t\t\t\t<label for=\"form-field-objet\" class=\"elementor-field-label elementor-screen-only\">\n\t\t\t\t\t\t\t\tObjet\t\t\t\t\t\t\t<\/label>\n\t\t\t\t\t\t\t\t<div class=\"elementor-field elementor-select-wrapper remove-before \">\n\t\t\t<div class=\"select-caret-down-wrapper\">\n\t\t\t\t<i aria-hidden=\"true\" class=\"eicon-caret-down\"><\/i>\t\t\t<\/div>\n\t\t\t<select name=\"form_fields[objet]\" id=\"form-field-objet\" class=\"elementor-field-textual elementor-size-lg\" required=\"required\">\n\t\t\t\t\t\t\t\t\t<option value=\"Objet de votre demande*\">Objet de votre demande*<\/option>\n\t\t\t\t\t\t\t\t\t<option value=\"ANNIVERSAIRE\">ANNIVERSAIRE<\/option>\n\t\t\t\t\t\t\t\t\t<option value=\"EVG \/ EVJF\">EVG \/ EVJF<\/option>\n\t\t\t\t\t\t\t\t\t<option value=\"TOMBOLA\">TOMBOLA<\/option>\n\t\t\t\t\t\t\t\t\t<option value=\"S\u00c9MINAIRE\">S\u00c9MINAIRE<\/option>\n\t\t\t\t\t\t\t\t\t<option value=\"ARBRE DE NO\u00cbL\">ARBRE DE NO\u00cbL<\/option>\n\t\t\t\t\t\t\t\t\t<option value=\"TEAM BUILDING\">TEAM BUILDING<\/option>\n\t\t\t\t\t\t\t\t\t<option value=\"BILLETTERIE CSE\">BILLETTERIE CSE<\/option>\n\t\t\t\t\t\t\t\t\t<option value=\"CHALLENGE\">CHALLENGE<\/option>\n\t\t\t\t\t\t\t\t\t<option value=\"\u00c9V\u00c9NEMENT ENTREPRISE\">\u00c9V\u00c9NEMENT ENTREPRISE<\/option>\n\t\t\t\t\t\t\t\t\t<option value=\"SORTIE DE GROUPE\">SORTIE DE GROUPE<\/option>\n\t\t\t\t\t\t\t\t\t<option value=\"SORTIE SCOLAIRE\">SORTIE SCOLAIRE<\/option>\n\t\t\t\t\t\t\t<\/select>\n\t\t<\/div>\n\t\t\t\t\t\t<\/div>\n\t\t\t\t\t\t\t\t<div class=\"elementor-field-type-textarea elementor-field-group elementor-column elementor-field-group-message elementor-col-100 elementor-field-required\">\n\t\t\t\t\t\t\t\t\t\t\t\t<label for=\"form-field-message\" class=\"elementor-field-label elementor-screen-only\">\n\t\t\t\t\t\t\t\tMessage\t\t\t\t\t\t\t<\/label>\n\t\t\t\t\t\t<textarea class=\"elementor-field-textual elementor-field  elementor-size-lg\" name=\"form_fields[message]\" id=\"form-field-message\" rows=\"3\" placeholder=\"Message\" required=\"required\"><\/textarea>\t\t\t\t<\/div>\n\t\t\t\t\t\t\t\t<div class=\"elementor-field-type-acceptance elementor-field-group elementor-column elementor-field-group-acceptation elementor-col-100 elementor-field-required\">\n\t\t\t\t\t\t\t<div class=\"elementor-field-subgroup\">\n\t\t\t<span class=\"elementor-field-option\">\n\t\t\t\t<input type=\"checkbox\" name=\"form_fields[acceptation]\" id=\"form-field-acceptation\" class=\"elementor-field elementor-size-lg  elementor-acceptance-field\" required=\"required\">\n\t\t\t\t<label for=\"form-field-acceptation\"><span style=\"font-size: 16px;\">En envoyant ce formulaire, vous consentez \u00e0 recevoir des emails de la part d'Espace 360*.<\/span><\/label>\t\t\t<\/span>\n\t\t<\/div>\n\t\t\t\t\t\t<\/div>\n\t\t\t\t\t\t\t\t<div class=\"elementor-field-type-recaptcha_v3 elementor-field-group elementor-column elementor-field-group-field_aaf88a5 elementor-col-100 recaptcha_v3-bottomright\">\n\t\t\t\t\t<div class=\"elementor-field\" id=\"form-field-field_aaf88a5\"><div class=\"elementor-g-recaptcha\" data-sitekey=\"6LeVrv4qAAAAAE7QfTPRAM14_aBf9GEfL3ubX1zM\" data-type=\"v3\" data-action=\"Form\" data-badge=\"bottomright\" data-size=\"invisible\"><\/div><\/div>\t\t\t\t<\/div>\n\t\t\t\t\t\t\t\t<div class=\"elementor-field-group elementor-column elementor-field-type-submit elementor-col-100 e-form__buttons\">\n\t\t\t\t\t<button class=\"elementor-button elementor-size-lg\" type=\"submit\">\n\t\t\t\t\t\t<span class=\"elementor-button-content-wrapper\">\n\t\t\t\t\t\t\t\t\t\t\t\t\t\t\t\t\t\t\t\t\t\t<span class=\"elementor-button-text\">Envoyer<\/span>\n\t\t\t\t\t\t\t\t\t\t\t\t\t<\/span>\n\t\t\t\t\t<\/button>\n\t\t\t\t<\/div>\n\t\t\t<\/div>\n\t\t<\/form>\n\t\t\t\t\t\t<\/div>\n\t\t\t\t<\/div>\n\t\t\t\t<div class=\"elementor-element elementor-element-9669616 elementor-widget elementor-widget-text-editor\" data-id=\"9669616\" data-element_type=\"widget\" data-e-type=\"widget\" data-widget_type=\"text-editor.default\">\n\t\t\t\t<div class=\"elementor-widget-container\">\n\t\t\t\t\t\t\t\t\t<p>* champs requis<\/p>\t\t\t\t\t\t\t\t<\/div>\n\t\t\t\t<\/div>\n\t\t\t\t\t<\/div>\n\t\t<\/div>\n\t\t\t\t\t<\/div>\n\t\t<\/section>\n\t\t\t\t<\/div>\n\t\t","protected":false},"excerpt":{"rendered":"<p>Contact Je m\u2019envole Informations Adresse :Espace360 Rouen11 rue Parc en Seine76410 TOURVILLE-LA-RIVI\u00c8RE Contact :T\u00e9l : 02 78 08 43 60Email : infos.rouen@espace360.net Calculer votre itin\u00e9raire Vous avez une question ? Nous avons une r\u00e9ponse ! Notre \u00e9quipe se fera un plaisir de revenir vers vous au plus vite afin de traiter votre demande. * champs [&hellip;]<\/p>\n","protected":false},"author":1,"featured_media":0,"parent":0,"menu_order":0,"comment_status":"closed","ping_status":"closed","template":"elementor_header_footer","meta":{"footnotes":""},"class_list":["post-45","page","type-page","status-publish","hentry"],"yoast_head":"<!-- This site is optimized with the Yoast SEO plugin v27.4 - https:\/\/yoast.com\/product\/yoast-seo-wordpress\/ -->\n<title>Contact Espace 360 Tourville - Espace 360<\/title>\n<meta name=\"description\" content=\"Informations de contact d&#039;Espace 360, parc de loisirs \u00e0 Tourville \/ Rouen, ainsi qu&#039;un formulaire de contact pour nous \u00e9crire directement.\" \/>\n<meta name=\"robots\" content=\"index, follow, max-snippet:-1, max-image-preview:large, max-video-preview:-1\" \/>\n<link rel=\"canonical\" href=\"https:\/\/espace360.net\/rouen\/contact\/\" \/>\n<meta property=\"og:locale\" content=\"fr_FR\" \/>\n<meta property=\"og:type\" content=\"article\" \/>\n<meta property=\"og:title\" content=\"Contact Espace 360 Tourville - Espace 360\" \/>\n<meta property=\"og:description\" content=\"Informations de contact d&#039;Espace 360, parc de loisirs \u00e0 Tourville \/ Rouen, ainsi qu&#039;un formulaire de contact pour nous \u00e9crire directement.\" \/>\n<meta property=\"og:url\" content=\"https:\/\/espace360.net\/rouen\/contact\/\" \/>\n<meta property=\"og:site_name\" content=\"Espace 360 Rouen\" \/>\n<meta property=\"article:publisher\" content=\"https:\/\/www.facebook.com\/espace360.tourville\/\" \/>\n<meta property=\"article:modified_time\" content=\"2025-11-10T09:32:24+00:00\" \/>\n<meta name=\"twitter:card\" content=\"summary_large_image\" \/>\n<meta name=\"twitter:label1\" content=\"Dur\u00e9e de lecture estim\u00e9e\" \/>\n\t<meta name=\"twitter:data1\" content=\"1 minute\" \/>\n<script type=\"application\/ld+json\" class=\"yoast-schema-graph\">{\"@context\":\"https:\\\/\\\/schema.org\",\"@graph\":[{\"@type\":\"WebPage\",\"@id\":\"https:\\\/\\\/espace360.net\\\/rouen\\\/contact\\\/\",\"url\":\"https:\\\/\\\/espace360.net\\\/rouen\\\/contact\\\/\",\"name\":\"Contact Espace 360 Tourville - Espace 360\",\"isPartOf\":{\"@id\":\"https:\\\/\\\/espace360.net\\\/rouen\\\/#website\"},\"datePublished\":\"2018-08-05T13:37:07+00:00\",\"dateModified\":\"2025-11-10T09:32:24+00:00\",\"description\":\"Informations de contact d'Espace 360, parc de loisirs \u00e0 Tourville \\\/ Rouen, ainsi qu'un formulaire de contact pour nous \u00e9crire directement.\",\"breadcrumb\":{\"@id\":\"https:\\\/\\\/espace360.net\\\/rouen\\\/contact\\\/#breadcrumb\"},\"inLanguage\":\"fr-FR\",\"potentialAction\":[{\"@type\":\"ReadAction\",\"target\":[\"https:\\\/\\\/espace360.net\\\/rouen\\\/contact\\\/\"]}]},{\"@type\":\"BreadcrumbList\",\"@id\":\"https:\\\/\\\/espace360.net\\\/rouen\\\/contact\\\/#breadcrumb\",\"itemListElement\":[{\"@type\":\"ListItem\",\"position\":1,\"name\":\"Accueil\",\"item\":\"https:\\\/\\\/espace360.net\\\/rouen\\\/\"},{\"@type\":\"ListItem\",\"position\":2,\"name\":\"Contact\"}]},{\"@type\":\"WebSite\",\"@id\":\"https:\\\/\\\/espace360.net\\\/rouen\\\/#website\",\"url\":\"https:\\\/\\\/espace360.net\\\/rouen\\\/\",\"name\":\"Espace 360 Rouen\",\"description\":\"Prenez Votre Envol\",\"publisher\":{\"@id\":\"https:\\\/\\\/espace360.net\\\/rouen\\\/#organization\"},\"potentialAction\":[{\"@type\":\"SearchAction\",\"target\":{\"@type\":\"EntryPoint\",\"urlTemplate\":\"https:\\\/\\\/espace360.net\\\/rouen\\\/?s={search_term_string}\"},\"query-input\":{\"@type\":\"PropertyValueSpecification\",\"valueRequired\":true,\"valueName\":\"search_term_string\"}}],\"inLanguage\":\"fr-FR\"},{\"@type\":\"Organization\",\"@id\":\"https:\\\/\\\/espace360.net\\\/rouen\\\/#organization\",\"name\":\"Espace 360 Luisant\",\"url\":\"https:\\\/\\\/espace360.net\\\/rouen\\\/\",\"logo\":{\"@type\":\"ImageObject\",\"inLanguage\":\"fr-FR\",\"@id\":\"https:\\\/\\\/espace360.net\\\/rouen\\\/#\\\/schema\\\/logo\\\/image\\\/\",\"url\":\"\",\"contentUrl\":\"\",\"caption\":\"Espace 360 Luisant\"},\"image\":{\"@id\":\"https:\\\/\\\/espace360.net\\\/rouen\\\/#\\\/schema\\\/logo\\\/image\\\/\"},\"sameAs\":[\"https:\\\/\\\/www.facebook.com\\\/espace360.tourville\\\/\",\"https:\\\/\\\/www.instagram.com\\\/espace360.tourville\\\/\",\"https:\\\/\\\/www.youtube.com\\\/channel\\\/UCqUZHWMyioojRE7Q1TZFbGg\\\/featured\"]}]}<\/script>\n<!-- \/ Yoast SEO plugin. -->","yoast_head_json":{"title":"Contact Espace 360 Tourville - Espace 360","description":"Informations de contact d'Espace 360, parc de loisirs \u00e0 Tourville \/ Rouen, ainsi qu'un formulaire de contact pour nous \u00e9crire directement.","robots":{"index":"index","follow":"follow","max-snippet":"max-snippet:-1","max-image-preview":"max-image-preview:large","max-video-preview":"max-video-preview:-1"},"canonical":"https:\/\/espace360.net\/rouen\/contact\/","og_locale":"fr_FR","og_type":"article","og_title":"Contact Espace 360 Tourville - Espace 360","og_description":"Informations de contact d'Espace 360, parc de loisirs \u00e0 Tourville \/ Rouen, ainsi qu'un formulaire de contact pour nous \u00e9crire directement.","og_url":"https:\/\/espace360.net\/rouen\/contact\/","og_site_name":"Espace 360 Rouen","article_publisher":"https:\/\/www.facebook.com\/espace360.tourville\/","article_modified_time":"2025-11-10T09:32:24+00:00","twitter_card":"summary_large_image","twitter_misc":{"Dur\u00e9e de lecture estim\u00e9e":"1 minute"},"schema":{"@context":"https:\/\/schema.org","@graph":[{"@type":"WebPage","@id":"https:\/\/espace360.net\/rouen\/contact\/","url":"https:\/\/espace360.net\/rouen\/contact\/","name":"Contact Espace 360 Tourville - Espace 360","isPartOf":{"@id":"https:\/\/espace360.net\/rouen\/#website"},"datePublished":"2018-08-05T13:37:07+00:00","dateModified":"2025-11-10T09:32:24+00:00","description":"Informations de contact d'Espace 360, parc de loisirs \u00e0 Tourville \/ Rouen, ainsi qu'un formulaire de contact pour nous \u00e9crire directement.","breadcrumb":{"@id":"https:\/\/espace360.net\/rouen\/contact\/#breadcrumb"},"inLanguage":"fr-FR","potentialAction":[{"@type":"ReadAction","target":["https:\/\/espace360.net\/rouen\/contact\/"]}]},{"@type":"BreadcrumbList","@id":"https:\/\/espace360.net\/rouen\/contact\/#breadcrumb","itemListElement":[{"@type":"ListItem","position":1,"name":"Accueil","item":"https:\/\/espace360.net\/rouen\/"},{"@type":"ListItem","position":2,"name":"Contact"}]},{"@type":"WebSite","@id":"https:\/\/espace360.net\/rouen\/#website","url":"https:\/\/espace360.net\/rouen\/","name":"Espace 360 Rouen","description":"Prenez Votre Envol","publisher":{"@id":"https:\/\/espace360.net\/rouen\/#organization"},"potentialAction":[{"@type":"SearchAction","target":{"@type":"EntryPoint","urlTemplate":"https:\/\/espace360.net\/rouen\/?s={search_term_string}"},"query-input":{"@type":"PropertyValueSpecification","valueRequired":true,"valueName":"search_term_string"}}],"inLanguage":"fr-FR"},{"@type":"Organization","@id":"https:\/\/espace360.net\/rouen\/#organization","name":"Espace 360 Luisant","url":"https:\/\/espace360.net\/rouen\/","logo":{"@type":"ImageObject","inLanguage":"fr-FR","@id":"https:\/\/espace360.net\/rouen\/#\/schema\/logo\/image\/","url":"","contentUrl":"","caption":"Espace 360 Luisant"},"image":{"@id":"https:\/\/espace360.net\/rouen\/#\/schema\/logo\/image\/"},"sameAs":["https:\/\/www.facebook.com\/espace360.tourville\/","https:\/\/www.instagram.com\/espace360.tourville\/","https:\/\/www.youtube.com\/channel\/UCqUZHWMyioojRE7Q1TZFbGg\/featured"]}]}},"_links":{"self":[{"href":"https:\/\/espace360.net\/rouen\/wp-json\/wp\/v2\/pages\/45","targetHints":{"allow":["GET"]}}],"collection":[{"href":"https:\/\/espace360.net\/rouen\/wp-json\/wp\/v2\/pages"}],"about":[{"href":"https:\/\/espace360.net\/rouen\/wp-json\/wp\/v2\/types\/page"}],"author":[{"embeddable":true,"href":"https:\/\/espace360.net\/rouen\/wp-json\/wp\/v2\/users\/1"}],"replies":[{"embeddable":true,"href":"https:\/\/espace360.net\/rouen\/wp-json\/wp\/v2\/comments?post=45"}],"version-history":[{"count":18,"href":"https:\/\/espace360.net\/rouen\/wp-json\/wp\/v2\/pages\/45\/revisions"}],"predecessor-version":[{"id":25075,"href":"https:\/\/espace360.net\/rouen\/wp-json\/wp\/v2\/pages\/45\/revisions\/25075"}],"wp:attachment":[{"href":"https:\/\/espace360.net\/rouen\/wp-json\/wp\/v2\/media?parent=45"}],"curies":[{"name":"wp","href":"https:\/\/api.w.org\/{rel}","templated":true}]}}