{"id":9557,"date":"2021-02-02T17:11:50","date_gmt":"2021-02-02T16:11:50","guid":{"rendered":"https:\/\/multisite.espace360.net\/rouen\/?page_id=9557"},"modified":"2025-03-03T10:51:18","modified_gmt":"2025-03-03T09:51:18","slug":"entreprises","status":"publish","type":"page","link":"https:\/\/espace360.net\/rouen\/entreprises\/","title":{"rendered":"Entreprises"},"content":{"rendered":"\t\t<div data-elementor-type=\"wp-page\" data-elementor-id=\"9557\" class=\"elementor elementor-9557\" data-elementor-post-type=\"page\">\n\t\t\t\t\t\t<section class=\"elementor-section elementor-top-section elementor-element elementor-element-5d21f21a elementor-section-boxed elementor-section-height-default elementor-section-height-default\" data-id=\"5d21f21a\" data-element_type=\"section\" data-e-type=\"section\" data-settings=\"{&quot;background_background&quot;:&quot;classic&quot;}\">\n\t\t\t\t\t\t<div class=\"elementor-container elementor-column-gap-default\">\n\t\t\t\t\t<div class=\"elementor-column elementor-col-100 elementor-top-column elementor-element elementor-element-9ecc1d\" data-id=\"9ecc1d\" data-element_type=\"column\" data-e-type=\"column\">\n\t\t\t<div class=\"elementor-widget-wrap elementor-element-populated\">\n\t\t\t\t\t\t<div class=\"elementor-element elementor-element-4881e512 elementor-widget elementor-widget-heading\" data-id=\"4881e512\" data-element_type=\"widget\" data-e-type=\"widget\" data-widget_type=\"heading.default\">\n\t\t\t\t<div class=\"elementor-widget-container\">\n\t\t\t\t\t<h1 class=\"elementor-heading-title elementor-size-default\">NOS \u00c9V\u00c9NEMENTS POUR LES ENTREPRISES<\/h1>\t\t\t\t<\/div>\n\t\t\t\t<\/div>\n\t\t\t\t\t<\/div>\n\t\t<\/div>\n\t\t\t\t\t<\/div>\n\t\t<\/section>\n\t\t<div class=\"elementor-element elementor-element-f12d67a e-con-full e-flex e-con e-parent\" data-id=\"f12d67a\" data-element_type=\"container\" data-e-type=\"container\">\n\t\t\t\t<div class=\"elementor-element elementor-element-5a664ff elementor-widget__width-initial elementor-widget elementor-widget-video\" data-id=\"5a664ff\" data-element_type=\"widget\" data-e-type=\"widget\" data-settings=\"{&quot;video_type&quot;:&quot;hosted&quot;,&quot;autoplay&quot;:&quot;yes&quot;,&quot;loop&quot;:&quot;yes&quot;,&quot;play_on_mobile&quot;:&quot;yes&quot;}\" data-widget_type=\"video.default\">\n\t\t\t\t<div class=\"elementor-widget-container\">\n\t\t\t\t\t\t\t<div class=\"e-hosted-video elementor-wrapper elementor-open-inline\">\n\t\t\t\t\t<video class=\"elementor-video\" src=\"https:\/\/espace360.net\/rouen\/wp-content\/uploads\/sites\/5\/2024\/08\/Projet-Couper-Une-Video11.mp4\" autoplay=\"\" loop=\"\" playsinline=\"\" controlsList=\"nodownload\"><\/video>\n\t\t\t\t<\/div>\n\t\t\t\t\t\t<\/div>\n\t\t\t\t<\/div>\n\t\t\t\t<\/div>\n\t\t\t\t<section class=\"elementor-section elementor-top-section elementor-element elementor-element-ed12f97 elementor-section-content-middle elementor-section-boxed elementor-section-height-default elementor-section-height-default\" data-id=\"ed12f97\" data-element_type=\"section\" data-e-type=\"section\" data-settings=\"{&quot;background_background&quot;:&quot;classic&quot;}\">\n\t\t\t\t\t\t<div class=\"elementor-container elementor-column-gap-default\">\n\t\t\t\t\t<div class=\"elementor-column elementor-col-100 elementor-top-column elementor-element elementor-element-b9fe7ac\" data-id=\"b9fe7ac\" data-element_type=\"column\" data-e-type=\"column\">\n\t\t\t<div class=\"elementor-widget-wrap elementor-element-populated\">\n\t\t\t\t\t\t<section class=\"elementor-section elementor-inner-section elementor-element elementor-element-8f9d16a elementor-section-boxed elementor-section-height-default elementor-section-height-default\" data-id=\"8f9d16a\" data-element_type=\"section\" data-e-type=\"section\">\n\t\t\t\t\t\t<div class=\"elementor-container elementor-column-gap-default\">\n\t\t\t\t\t<div class=\"elementor-column elementor-col-50 elementor-inner-column elementor-element elementor-element-712baf1\" data-id=\"712baf1\" data-element_type=\"column\" data-e-type=\"column\">\n\t\t\t<div class=\"elementor-widget-wrap elementor-element-populated\">\n\t\t\t\t\t\t<div class=\"elementor-element elementor-element-25d630d elementor-cta--layout-image-above elementor-cta--valign-middle elementor-bg-transform elementor-bg-transform-move-up elementor-cta--skin-classic elementor-animated-content elementor-widget elementor-widget-call-to-action\" data-id=\"25d630d\" data-element_type=\"widget\" data-e-type=\"widget\" data-widget_type=\"call-to-action.default\">\n\t\t\t\t<div class=\"elementor-widget-container\">\n\t\t\t\t\t\t\t<a class=\"elementor-cta\" href=\"\/rouen\/entreprises\/billetterie-cse\/\">\n\t\t\t\t\t<div class=\"elementor-cta__bg-wrapper\">\n\t\t\t\t<div class=\"elementor-cta__bg elementor-bg\" style=\"background-image: url(https:\/\/espace360.net\/rouen\/wp-content\/uploads\/sites\/5\/2024\/03\/entreprises-billeterie-cse-e1723727047907.jpg);\" role=\"img\" aria-label=\"Entreprises - Billetterie CSE\"><\/div>\n\t\t\t\t<div class=\"elementor-cta__bg-overlay\"><\/div>\n\t\t\t<\/div>\n\t\t\t\t\t\t\t<div class=\"elementor-cta__content\">\n\t\t\t\t\n\t\t\t\t\n\t\t\t\t\n\t\t\t\t\t\t\t\t\t<div class=\"elementor-cta__button-wrapper elementor-cta__content-item elementor-content-item \">\n\t\t\t\t\t<span class=\"elementor-cta__button elementor-button elementor-size-xl\">\n\t\t\t\t\t\tBilletterie CSE\t\t\t\t\t<\/span>\n\t\t\t\t\t<\/div>\n\t\t\t\t\t\t\t<\/div>\n\t\t\t\t\t\t<\/a>\n\t\t\t\t\t\t<\/div>\n\t\t\t\t<\/div>\n\t\t\t\t\t<\/div>\n\t\t<\/div>\n\t\t\t\t<div class=\"elementor-column elementor-col-50 elementor-inner-column elementor-element elementor-element-4638e30\" data-id=\"4638e30\" data-element_type=\"column\" data-e-type=\"column\">\n\t\t\t<div class=\"elementor-widget-wrap elementor-element-populated\">\n\t\t\t\t\t\t<div class=\"elementor-element elementor-element-c856a92 elementor-cta--layout-image-above elementor-cta--valign-middle elementor-bg-transform elementor-bg-transform-move-up elementor-cta--skin-classic elementor-animated-content elementor-widget elementor-widget-call-to-action\" data-id=\"c856a92\" data-element_type=\"widget\" data-e-type=\"widget\" data-widget_type=\"call-to-action.default\">\n\t\t\t\t<div class=\"elementor-widget-container\">\n\t\t\t\t\t\t\t<a class=\"elementor-cta\" href=\"\/rouen\/entreprises\/evenements-dentreprises\/\">\n\t\t\t\t\t<div class=\"elementor-cta__bg-wrapper\">\n\t\t\t\t<div class=\"elementor-cta__bg elementor-bg\" style=\"background-image: url(https:\/\/espace360.net\/rouen\/wp-content\/uploads\/sites\/5\/2024\/08\/Photo-22-12-2023-12-17-18-e1723726977530.jpg);\" role=\"img\" aria-label=\"Photo 22-12-2023 12 17 18\"><\/div>\n\t\t\t\t<div class=\"elementor-cta__bg-overlay\"><\/div>\n\t\t\t<\/div>\n\t\t\t\t\t\t\t<div class=\"elementor-cta__content\">\n\t\t\t\t\n\t\t\t\t\n\t\t\t\t\n\t\t\t\t\t\t\t\t\t<div class=\"elementor-cta__button-wrapper elementor-cta__content-item elementor-content-item \">\n\t\t\t\t\t<span class=\"elementor-cta__button elementor-button elementor-size-xl\">\n\t\t\t\t\t\t\u00c9V\u00c8NEMENTS D\u2019ENTREPRISES\t\t\t\t\t<\/span>\n\t\t\t\t\t<\/div>\n\t\t\t\t\t\t\t<\/div>\n\t\t\t\t\t\t<\/a>\n\t\t\t\t\t\t<\/div>\n\t\t\t\t<\/div>\n\t\t\t\t\t<\/div>\n\t\t<\/div>\n\t\t\t\t\t<\/div>\n\t\t<\/section>\n\t\t\t\t\t<\/div>\n\t\t<\/div>\n\t\t\t\t\t<\/div>\n\t\t<\/section>\n\t\t\t\t<section class=\"elementor-section elementor-top-section elementor-element elementor-element-337570c5 elementor-section-boxed elementor-section-height-default elementor-section-height-default\" data-id=\"337570c5\" data-element_type=\"section\" data-e-type=\"section\" id=\"contact\" data-settings=\"{&quot;background_background&quot;:&quot;classic&quot;}\">\n\t\t\t\t\t\t<div class=\"elementor-container elementor-column-gap-default\">\n\t\t\t\t\t<div class=\"elementor-column elementor-col-100 elementor-top-column elementor-element elementor-element-738979ec\" data-id=\"738979ec\" data-element_type=\"column\" data-e-type=\"column\">\n\t\t\t<div class=\"elementor-widget-wrap elementor-element-populated\">\n\t\t\t\t\t\t<div class=\"elementor-element elementor-element-469830cf elementor-widget elementor-widget-heading\" data-id=\"469830cf\" data-element_type=\"widget\" data-e-type=\"widget\" data-widget_type=\"heading.default\">\n\t\t\t\t<div class=\"elementor-widget-container\">\n\t\t\t\t\t<h2 class=\"elementor-heading-title elementor-size-default\">Envie d\u2019un \u00e9v\u00e9nement sur-mesure ? Faites votre demande ci-dessous !\n<\/h2>\t\t\t\t<\/div>\n\t\t\t\t<\/div>\n\t\t\t\t<div class=\"elementor-element elementor-element-5c57582 elementor-button-align-start elementor-widget elementor-widget-form\" data-id=\"5c57582\" data-element_type=\"widget\" data-e-type=\"widget\" data-settings=\"{&quot;step_next_label&quot;:&quot;Suivant&quot;,&quot;step_previous_label&quot;:&quot;Pr\\u00e9c\\u00e9dent&quot;,&quot;button_width&quot;:&quot;100&quot;,&quot;step_type&quot;:&quot;number_text&quot;,&quot;step_icon_shape&quot;:&quot;circle&quot;}\" data-widget_type=\"form.default\">\n\t\t\t\t<div class=\"elementor-widget-container\">\n\t\t\t\t\t\t\t<form class=\"elementor-form\" method=\"post\" id=\"formgroupe\" name=\"Formulaire Entreprise\" aria-label=\"Formulaire Entreprise\">\n\t\t\t<input type=\"hidden\" name=\"post_id\" value=\"9557\"\/>\n\t\t\t<input type=\"hidden\" name=\"form_id\" value=\"5c57582\"\/>\n\t\t\t<input type=\"hidden\" name=\"referer_title\" value=\"Nos \u00c9v\u00e9nements pour les Entreprises \u00e0 Tourville \/ Rouen | Espace 360\" \/>\n\n\t\t\t\t\t\t\t<input type=\"hidden\" name=\"queried_id\" value=\"9557\"\/>\n\t\t\t\n\t\t\t<div class=\"elementor-form-fields-wrapper elementor-labels-\">\n\t\t\t\t\t\t\t\t<div class=\"elementor-field-type-text elementor-field-group elementor-column elementor-field-group-nom elementor-col-100 elementor-field-required\">\n\t\t\t\t\t\t\t\t\t\t\t\t<label for=\"form-field-nom\" class=\"elementor-field-label elementor-screen-only\">\n\t\t\t\t\t\t\t\tNom\t\t\t\t\t\t\t<\/label>\n\t\t\t\t\t\t\t\t\t\t\t\t\t\t<input size=\"1\" type=\"text\" name=\"form_fields[nom]\" id=\"form-field-nom\" class=\"elementor-field elementor-size-lg  elementor-field-textual\" placeholder=\"Nom*\" required=\"required\">\n\t\t\t\t\t\t\t\t\t\t\t<\/div>\n\t\t\t\t\t\t\t\t<div class=\"elementor-field-type-text elementor-field-group elementor-column elementor-field-group-prenom elementor-col-100 elementor-field-required\">\n\t\t\t\t\t\t\t\t\t\t\t\t<label for=\"form-field-prenom\" class=\"elementor-field-label elementor-screen-only\">\n\t\t\t\t\t\t\t\tPr\u00e9nom\t\t\t\t\t\t\t<\/label>\n\t\t\t\t\t\t\t\t\t\t\t\t\t\t<input size=\"1\" type=\"text\" name=\"form_fields[prenom]\" id=\"form-field-prenom\" class=\"elementor-field elementor-size-lg  elementor-field-textual\" placeholder=\"Pr\u00e9nom*\" required=\"required\">\n\t\t\t\t\t\t\t\t\t\t\t<\/div>\n\t\t\t\t\t\t\t\t<div class=\"elementor-field-type-text elementor-field-group elementor-column elementor-field-group-nom_societe elementor-col-100 elementor-field-required\">\n\t\t\t\t\t\t\t\t\t\t\t\t<label for=\"form-field-nom_societe\" class=\"elementor-field-label elementor-screen-only\">\n\t\t\t\t\t\t\t\tNom de la soci\u00e9t\u00e9\t\t\t\t\t\t\t<\/label>\n\t\t\t\t\t\t\t\t\t\t\t\t\t\t<input size=\"1\" type=\"text\" name=\"form_fields[nom_societe]\" id=\"form-field-nom_societe\" class=\"elementor-field elementor-size-lg  elementor-field-textual\" placeholder=\"Nom de la soci\u00e9t\u00e9*\" required=\"required\">\n\t\t\t\t\t\t\t\t\t\t\t<\/div>\n\t\t\t\t\t\t\t\t<div class=\"elementor-field-type-text elementor-field-group elementor-column elementor-field-group-adresse_societe elementor-col-100 elementor-field-required\">\n\t\t\t\t\t\t\t\t\t\t\t\t<label for=\"form-field-adresse_societe\" class=\"elementor-field-label elementor-screen-only\">\n\t\t\t\t\t\t\t\tAdresse de la soci\u00e9t\u00e9\t\t\t\t\t\t\t<\/label>\n\t\t\t\t\t\t\t\t\t\t\t\t\t\t<input size=\"1\" type=\"text\" name=\"form_fields[adresse_societe]\" id=\"form-field-adresse_societe\" class=\"elementor-field elementor-size-lg  elementor-field-textual\" placeholder=\"Adresse de la soci\u00e9t\u00e9*\" required=\"required\">\n\t\t\t\t\t\t\t\t\t\t\t<\/div>\n\t\t\t\t\t\t\t\t<div class=\"elementor-field-type-email elementor-field-group elementor-column elementor-field-group-email elementor-col-100 elementor-field-required\">\n\t\t\t\t\t\t\t\t\t\t\t\t<label for=\"form-field-email\" class=\"elementor-field-label elementor-screen-only\">\n\t\t\t\t\t\t\t\tE-mail\t\t\t\t\t\t\t<\/label>\n\t\t\t\t\t\t\t\t\t\t\t\t\t\t<input size=\"1\" type=\"email\" name=\"form_fields[email]\" id=\"form-field-email\" class=\"elementor-field elementor-size-lg  elementor-field-textual\" placeholder=\"E-mail*\" required=\"required\">\n\t\t\t\t\t\t\t\t\t\t\t<\/div>\n\t\t\t\t\t\t\t\t<div class=\"elementor-field-type-tel elementor-field-group elementor-column elementor-field-group-tel elementor-col-100 elementor-field-required\">\n\t\t\t\t\t\t\t\t\t\t\t\t<label for=\"form-field-tel\" class=\"elementor-field-label elementor-screen-only\">\n\t\t\t\t\t\t\t\tT\u00e9l\u00e9phone\t\t\t\t\t\t\t<\/label>\n\t\t\t\t\t\t\t\t<input size=\"1\" type=\"tel\" name=\"form_fields[tel]\" id=\"form-field-tel\" class=\"elementor-field elementor-size-lg  elementor-field-textual\" placeholder=\"T\u00e9l\u00e9phone*\" required=\"required\" pattern=\"[0-9()#&amp;+*-=.]+\" title=\"Seuls les caract\u00e8res de num\u00e9ros de t\u00e9l\u00e9phone (#, -, *, etc.) sont accept\u00e9s.\">\n\n\t\t\t\t\t\t<\/div>\n\t\t\t\t\t\t\t\t<div class=\"elementor-field-type-textarea elementor-field-group elementor-column elementor-field-group-demande elementor-col-100 elementor-field-required\">\n\t\t\t\t\t\t\t\t\t\t\t\t<label for=\"form-field-demande\" class=\"elementor-field-label elementor-screen-only\">\n\t\t\t\t\t\t\t\tDemande\t\t\t\t\t\t\t<\/label>\n\t\t\t\t\t\t<textarea class=\"elementor-field-textual elementor-field  elementor-size-lg\" name=\"form_fields[demande]\" id=\"form-field-demande\" rows=\"3\" placeholder=\"Demande*\" required=\"required\"><\/textarea>\t\t\t\t<\/div>\n\t\t\t\t\t\t\t\t<div class=\"elementor-field-type-acceptance elementor-field-group elementor-column elementor-field-group-field_36826a7 elementor-col-100 elementor-field-required\">\n\t\t\t\t\t\t\t<div class=\"elementor-field-subgroup\">\n\t\t\t<span class=\"elementor-field-option\">\n\t\t\t\t<input type=\"checkbox\" name=\"form_fields[field_36826a7]\" id=\"form-field-field_36826a7\" class=\"elementor-field elementor-size-lg  elementor-acceptance-field\" required=\"required\">\n\t\t\t\t<label for=\"form-field-field_36826a7\"><span style=\"font-size: 16px\">En soumettant ce formulaire, j'accepte qu'Espace 360 utilise mes coordonn\u00e9es dans le strict cadre de la r\u00e9ponse \u00e0 ma demande.<\/span><\/label>\t\t\t<\/span>\n\t\t<\/div>\n\t\t\t\t\t\t<\/div>\n\t\t\t\t\t\t\t\t<div class=\"elementor-field-type-html elementor-field-group elementor-column elementor-field-group-field_1809a45 elementor-col-100\">\n\t\t\t\t\t*Champs obligatoires\t\t\t\t<\/div>\n\t\t\t\t\t\t\t\t<div class=\"elementor-field-type-recaptcha_v3 elementor-field-group elementor-column elementor-field-group-field_aaf88a5 elementor-col-100 recaptcha_v3-bottomright\">\n\t\t\t\t\t<div class=\"elementor-field\" id=\"form-field-field_aaf88a5\"><div class=\"elementor-g-recaptcha\" data-sitekey=\"6LeVrv4qAAAAAE7QfTPRAM14_aBf9GEfL3ubX1zM\" data-type=\"v3\" data-action=\"Form\" data-badge=\"bottomright\" data-size=\"invisible\"><\/div><\/div>\t\t\t\t<\/div>\n\t\t\t\t\t\t\t\t<div class=\"elementor-field-group elementor-column elementor-field-type-submit elementor-col-100 e-form__buttons\">\n\t\t\t\t\t<button class=\"elementor-button elementor-size-lg\" type=\"submit\">\n\t\t\t\t\t\t<span class=\"elementor-button-content-wrapper\">\n\t\t\t\t\t\t\t\t\t\t\t\t\t\t\t\t\t\t\t\t\t\t<span class=\"elementor-button-text\">Envoyer<\/span>\n\t\t\t\t\t\t\t\t\t\t\t\t\t<\/span>\n\t\t\t\t\t<\/button>\n\t\t\t\t<\/div>\n\t\t\t<\/div>\n\t\t<\/form>\n\t\t\t\t\t\t<\/div>\n\t\t\t\t<\/div>\n\t\t\t\t\t<\/div>\n\t\t<\/div>\n\t\t\t\t\t<\/div>\n\t\t<\/section>\n\t\t\t\t<\/div>\n\t\t","protected":false},"excerpt":{"rendered":"<p>NOS \u00c9V\u00c9NEMENTS POUR LES ENTREPRISES https:\/\/espace360.net\/rouen\/wp-content\/uploads\/sites\/5\/2024\/08\/Projet-Couper-Une-Video11.mp4 Billetterie CSE \u00c9V\u00c8NEMENTS D\u2019ENTREPRISES Envie d\u2019un \u00e9v\u00e9nement sur-mesure ? Faites votre demande ci-dessous !<\/p>\n","protected":false},"author":2,"featured_media":0,"parent":0,"menu_order":0,"comment_status":"closed","ping_status":"closed","template":"elementor_header_footer","meta":{"footnotes":""},"class_list":["post-9557","page","type-page","status-publish","hentry"],"yoast_head":"<!-- This site is optimized with the Yoast SEO plugin v27.2 - https:\/\/yoast.com\/product\/yoast-seo-wordpress\/ -->\n<title>Nos \u00c9v\u00e9nements pour les Entreprises \u00e0 Tourville \/ Rouen | Espace 360<\/title>\n<meta name=\"description\" content=\"Tous les \u00e9v\u00e9nements \u00e0 destination des entreprises accessibles dans votre Espace 360 : s\u00e9minaire, billetterie CSE, Team Building, arbre de no\u00ebl, etc.\" \/>\n<meta name=\"robots\" content=\"index, follow, max-snippet:-1, max-image-preview:large, max-video-preview:-1\" \/>\n<link rel=\"canonical\" href=\"https:\/\/espace360.net\/rouen\/entreprises\/\" \/>\n<meta property=\"og:locale\" content=\"fr_FR\" \/>\n<meta property=\"og:type\" content=\"article\" \/>\n<meta property=\"og:title\" content=\"Nos \u00c9v\u00e9nements pour les Entreprises \u00e0 Tourville \/ Rouen | Espace 360\" \/>\n<meta property=\"og:description\" content=\"Tous les \u00e9v\u00e9nements \u00e0 destination des entreprises accessibles dans votre Espace 360 : s\u00e9minaire, billetterie CSE, Team Building, arbre de no\u00ebl, etc.\" \/>\n<meta property=\"og:url\" content=\"https:\/\/espace360.net\/rouen\/entreprises\/\" \/>\n<meta property=\"og:site_name\" content=\"Espace 360 Rouen\" \/>\n<meta property=\"article:publisher\" content=\"https:\/\/www.facebook.com\/espace360.tourville\/\" \/>\n<meta property=\"article:modified_time\" content=\"2025-03-03T09:51:18+00:00\" \/>\n<meta name=\"twitter:card\" content=\"summary_large_image\" \/>\n<meta name=\"twitter:label1\" content=\"Dur\u00e9e de lecture estim\u00e9e\" \/>\n\t<meta name=\"twitter:data1\" content=\"1 minute\" \/>\n<script type=\"application\/ld+json\" class=\"yoast-schema-graph\">{\"@context\":\"https:\/\/schema.org\",\"@graph\":[{\"@type\":\"WebPage\",\"@id\":\"https:\/\/espace360.net\/rouen\/entreprises\/\",\"url\":\"https:\/\/espace360.net\/rouen\/entreprises\/\",\"name\":\"Nos \u00c9v\u00e9nements pour les Entreprises \u00e0 Tourville \/ Rouen | Espace 360\",\"isPartOf\":{\"@id\":\"https:\/\/espace360.net\/rouen\/#website\"},\"datePublished\":\"2021-02-02T16:11:50+00:00\",\"dateModified\":\"2025-03-03T09:51:18+00:00\",\"description\":\"Tous les \u00e9v\u00e9nements \u00e0 destination des entreprises accessibles dans votre Espace 360 : s\u00e9minaire, billetterie CSE, Team Building, arbre de no\u00ebl, etc.\",\"breadcrumb\":{\"@id\":\"https:\/\/espace360.net\/rouen\/entreprises\/#breadcrumb\"},\"inLanguage\":\"fr-FR\",\"potentialAction\":[{\"@type\":\"ReadAction\",\"target\":[\"https:\/\/espace360.net\/rouen\/entreprises\/\"]}]},{\"@type\":\"BreadcrumbList\",\"@id\":\"https:\/\/espace360.net\/rouen\/entreprises\/#breadcrumb\",\"itemListElement\":[{\"@type\":\"ListItem\",\"position\":1,\"name\":\"Accueil\",\"item\":\"https:\/\/espace360.net\/rouen\/\"},{\"@type\":\"ListItem\",\"position\":2,\"name\":\"Entreprises\"}]},{\"@type\":\"WebSite\",\"@id\":\"https:\/\/espace360.net\/rouen\/#website\",\"url\":\"https:\/\/espace360.net\/rouen\/\",\"name\":\"Espace 360 Rouen\",\"description\":\"Prenez Votre Envol\",\"publisher\":{\"@id\":\"https:\/\/espace360.net\/rouen\/#organization\"},\"potentialAction\":[{\"@type\":\"SearchAction\",\"target\":{\"@type\":\"EntryPoint\",\"urlTemplate\":\"https:\/\/espace360.net\/rouen\/?s={search_term_string}\"},\"query-input\":{\"@type\":\"PropertyValueSpecification\",\"valueRequired\":true,\"valueName\":\"search_term_string\"}}],\"inLanguage\":\"fr-FR\"},{\"@type\":\"Organization\",\"@id\":\"https:\/\/espace360.net\/rouen\/#organization\",\"name\":\"Espace 360 Luisant\",\"url\":\"https:\/\/espace360.net\/rouen\/\",\"logo\":{\"@type\":\"ImageObject\",\"inLanguage\":\"fr-FR\",\"@id\":\"https:\/\/espace360.net\/rouen\/#\/schema\/logo\/image\/\",\"url\":\"\",\"contentUrl\":\"\",\"caption\":\"Espace 360 Luisant\"},\"image\":{\"@id\":\"https:\/\/espace360.net\/rouen\/#\/schema\/logo\/image\/\"},\"sameAs\":[\"https:\/\/www.facebook.com\/espace360.tourville\/\",\"https:\/\/www.instagram.com\/espace360.tourville\/\",\"https:\/\/www.youtube.com\/channel\/UCqUZHWMyioojRE7Q1TZFbGg\/featured\"]}]}<\/script>\n<!-- \/ Yoast SEO plugin. -->","yoast_head_json":{"title":"Nos \u00c9v\u00e9nements pour les Entreprises \u00e0 Tourville \/ Rouen | Espace 360","description":"Tous les \u00e9v\u00e9nements \u00e0 destination des entreprises accessibles dans votre Espace 360 : s\u00e9minaire, billetterie CSE, Team Building, arbre de no\u00ebl, etc.","robots":{"index":"index","follow":"follow","max-snippet":"max-snippet:-1","max-image-preview":"max-image-preview:large","max-video-preview":"max-video-preview:-1"},"canonical":"https:\/\/espace360.net\/rouen\/entreprises\/","og_locale":"fr_FR","og_type":"article","og_title":"Nos \u00c9v\u00e9nements pour les Entreprises \u00e0 Tourville \/ Rouen | Espace 360","og_description":"Tous les \u00e9v\u00e9nements \u00e0 destination des entreprises accessibles dans votre Espace 360 : s\u00e9minaire, billetterie CSE, Team Building, arbre de no\u00ebl, etc.","og_url":"https:\/\/espace360.net\/rouen\/entreprises\/","og_site_name":"Espace 360 Rouen","article_publisher":"https:\/\/www.facebook.com\/espace360.tourville\/","article_modified_time":"2025-03-03T09:51:18+00:00","twitter_card":"summary_large_image","twitter_misc":{"Dur\u00e9e de lecture estim\u00e9e":"1 minute"},"schema":{"@context":"https:\/\/schema.org","@graph":[{"@type":"WebPage","@id":"https:\/\/espace360.net\/rouen\/entreprises\/","url":"https:\/\/espace360.net\/rouen\/entreprises\/","name":"Nos \u00c9v\u00e9nements pour les Entreprises \u00e0 Tourville \/ Rouen | Espace 360","isPartOf":{"@id":"https:\/\/espace360.net\/rouen\/#website"},"datePublished":"2021-02-02T16:11:50+00:00","dateModified":"2025-03-03T09:51:18+00:00","description":"Tous les \u00e9v\u00e9nements \u00e0 destination des entreprises accessibles dans votre Espace 360 : s\u00e9minaire, billetterie CSE, Team Building, arbre de no\u00ebl, etc.","breadcrumb":{"@id":"https:\/\/espace360.net\/rouen\/entreprises\/#breadcrumb"},"inLanguage":"fr-FR","potentialAction":[{"@type":"ReadAction","target":["https:\/\/espace360.net\/rouen\/entreprises\/"]}]},{"@type":"BreadcrumbList","@id":"https:\/\/espace360.net\/rouen\/entreprises\/#breadcrumb","itemListElement":[{"@type":"ListItem","position":1,"name":"Accueil","item":"https:\/\/espace360.net\/rouen\/"},{"@type":"ListItem","position":2,"name":"Entreprises"}]},{"@type":"WebSite","@id":"https:\/\/espace360.net\/rouen\/#website","url":"https:\/\/espace360.net\/rouen\/","name":"Espace 360 Rouen","description":"Prenez Votre Envol","publisher":{"@id":"https:\/\/espace360.net\/rouen\/#organization"},"potentialAction":[{"@type":"SearchAction","target":{"@type":"EntryPoint","urlTemplate":"https:\/\/espace360.net\/rouen\/?s={search_term_string}"},"query-input":{"@type":"PropertyValueSpecification","valueRequired":true,"valueName":"search_term_string"}}],"inLanguage":"fr-FR"},{"@type":"Organization","@id":"https:\/\/espace360.net\/rouen\/#organization","name":"Espace 360 Luisant","url":"https:\/\/espace360.net\/rouen\/","logo":{"@type":"ImageObject","inLanguage":"fr-FR","@id":"https:\/\/espace360.net\/rouen\/#\/schema\/logo\/image\/","url":"","contentUrl":"","caption":"Espace 360 Luisant"},"image":{"@id":"https:\/\/espace360.net\/rouen\/#\/schema\/logo\/image\/"},"sameAs":["https:\/\/www.facebook.com\/espace360.tourville\/","https:\/\/www.instagram.com\/espace360.tourville\/","https:\/\/www.youtube.com\/channel\/UCqUZHWMyioojRE7Q1TZFbGg\/featured"]}]}},"_links":{"self":[{"href":"https:\/\/espace360.net\/rouen\/wp-json\/wp\/v2\/pages\/9557","targetHints":{"allow":["GET"]}}],"collection":[{"href":"https:\/\/espace360.net\/rouen\/wp-json\/wp\/v2\/pages"}],"about":[{"href":"https:\/\/espace360.net\/rouen\/wp-json\/wp\/v2\/types\/page"}],"author":[{"embeddable":true,"href":"https:\/\/espace360.net\/rouen\/wp-json\/wp\/v2\/users\/2"}],"replies":[{"embeddable":true,"href":"https:\/\/espace360.net\/rouen\/wp-json\/wp\/v2\/comments?post=9557"}],"version-history":[{"count":6,"href":"https:\/\/espace360.net\/rouen\/wp-json\/wp\/v2\/pages\/9557\/revisions"}],"predecessor-version":[{"id":24520,"href":"https:\/\/espace360.net\/rouen\/wp-json\/wp\/v2\/pages\/9557\/revisions\/24520"}],"wp:attachment":[{"href":"https:\/\/espace360.net\/rouen\/wp-json\/wp\/v2\/media?parent=9557"}],"curies":[{"name":"wp","href":"https:\/\/api.w.org\/{rel}","templated":true}]}}